{"id":190,"date":"2020-10-01T18:30:46","date_gmt":"2020-10-01T16:30:46","guid":{"rendered":"http:\/\/webecpol.esade.edu\/?post_type=publicaciones&#038;p=190"},"modified":"2021-06-23T16:30:52","modified_gmt":"2021-06-23T14:30:52","slug":"esadeecpol-policy-brief-fondos-europeos","status":"publish","type":"publicaciones","link":"http:\/\/webecpol.esade.edu\/es\/publicaciones\/esadeecpol-policy-brief-fondos-europeos\/","title":{"rendered":"Cinco propuestas para una mejor absorci\u00f3n de los fondos europeos"},"content":{"rendered":"<h2>EsadeEcPol | Policy Brief<\/h2>\n<h4 class=\"t-title3\">Resumen ejecutivo<\/h4>\n<ul>\n<li>El compromiso alcanzado el pasado julio por la Comisi\u00f3n Europea representa el\u00a0<strong>paquete de ayudas m\u00e1s ambicioso de la historia reciente<\/strong>. Para Espa\u00f1a, en los pr\u00f3ximos cinco a\u00f1os, la cifra de inversiones a desembolsar podr\u00eda superar el 3% del PIB anualmente.<\/li>\n<li>El uso de esa financiaci\u00f3n\u00a0<strong>representa una oportunidad \u00fanica para Espa\u00f1a, pero tambi\u00e9n un reto administrativo colosal<\/strong>. La experiencia reciente en la ejecuci\u00f3n de los fondos europeos demuestra que estamos mal preparados para absorber esa ayuda. En el \u00faltimo marco financiero plurianual hemos logrado certificar hasta diciembre de 2019 alrededor de un tercio de los fondos disponibles y ahora la ayuda se va a multiplicar por cuatro.<\/li>\n<li>En este Policy brief analizamos algunos de los\u00a0<strong>retos existentes para la ejecuci\u00f3n efectiva de los fondos europeos para Espa\u00f1a<\/strong>\u00a0y proponemos algunos cambios para una utilizaci\u00f3n m\u00e1s eficiente de la ayuda que estar\u00e1 disponible. Nuestras propuestas incluyen:\n<ol>\n<li><strong>Planificar teniendo en cuenta la capacidad administrativa<\/strong>: para la selecci\u00f3n de los proyectos no solo hay que tener en cuenta las prioridades establecidas por Bruselas, sino tambi\u00e9n a la capacidad de gesti\u00f3n de las diferentes administraciones responsables de ejecutarlos. Un proyecto puede ser muy atractivo, pero si no es ejecutable administrativamente, no deber\u00eda ser seleccionado.<\/li>\n<li><strong>Planificar con la m\u00e1xima antelaci\u00f3n posible<\/strong>: conocemos cu\u00e1les van a ser las l\u00edneas de orientaci\u00f3n generales y debemos empezar cuanto antes a dise\u00f1ar la estrategia, para que con el Marco Financiero Plurianual (MFP) 21-27 y el Next Generation EU no suceda como en el MFP 14-20 y se espere a tener los diferentes reglamentos para definir los primeros proyectos y perder a\u00f1os en el camino. Junto a esto, la propia Comisi\u00f3n Europea deber\u00eda acelerar y simplificar los procedimientos para disponer, en menor tiempo posible, de dichos reglamentos necesarios para la implementaci\u00f3n del Mecanismo de Recuperaci\u00f3n y Resiliencia, as\u00ed como para la aprobaci\u00f3n de los programas operativos en el caso concreto del MFP 21-27.<\/li>\n<li><strong>Crear equipos profesionalizados, especializados y con experiencia previa en contrataci\u00f3n p\u00fablica en las diferentes administraciones encargadas<\/strong>: en la medida en que la reciente Ley de Contratos no se reforme, los procesos y trabas burocr\u00e1ticas resultan un freno enorme a la ejecuci\u00f3n efectiva de los fondos.<\/li>\n<li><strong>Crear agencias y oficinas de gesti\u00f3n centralizada de las licitaciones<\/strong>: de este modo, la posible descentralizaci\u00f3n de la ejecuci\u00f3n entre administraciones y territorios podr\u00eda compensarse con el aprovechamiento de las econom\u00edas de escala que una oficina \u00fanica de contrataci\u00f3n en cada administraci\u00f3n podr\u00eda desplegar.<\/li>\n<li><strong>Simplificar y eliminar duplicidades en los procedimientos de gesti\u00f3n de fondos europeos<\/strong>.<\/li>\n<\/ol>\n<\/li>\n<\/ul>\n","protected":false},"excerpt":{"rendered":"<p>El compromiso alcanzado por la Comisi\u00f3n Europea representa el\u00a0paquete de ayudas m\u00e1s ambicioso de la historia reciente.<\/p>\n","protected":false},"featured_media":0,"template":"","yoast_head":"<!-- This site is optimized with the Yoast SEO plugin v22.9 - https:\/\/yoast.com\/wordpress\/plugins\/seo\/ -->\n<title>Cinco propuestas para una mejor absorci\u00f3n de los fondos europeos - Center for Economic Policy - EsadeEcPol<\/title>\n<meta name=\"description\" content=\"El compromiso alcanzado por la Comisi\u00f3n Europea representa el\u00a0paquete de ayudas m\u00e1s ambicioso de la historia reciente.\" \/>\n<meta name=\"robots\" content=\"index, follow, max-snippet:-1, max-image-preview:large, max-video-preview:-1\" \/>\n<link rel=\"canonical\" href=\"http:\/\/webecpol.esade.edu\/es\/publicaciones\/esadeecpol-policy-brief-fondos-europeos\/\" \/>\n<meta property=\"og:locale\" content=\"es_ES\" \/>\n<meta property=\"og:type\" content=\"article\" \/>\n<meta property=\"og:title\" content=\"Cinco propuestas para una mejor absorci\u00f3n de los fondos europeos - Center for Economic Policy - EsadeEcPol\" \/>\n<meta property=\"og:description\" content=\"El compromiso alcanzado por la Comisi\u00f3n Europea representa el\u00a0paquete de ayudas m\u00e1s ambicioso de la historia reciente.\" \/>\n<meta property=\"og:url\" content=\"http:\/\/webecpol.esade.edu\/es\/publicaciones\/esadeecpol-policy-brief-fondos-europeos\/\" \/>\n<meta property=\"og:site_name\" content=\"Center for Economic Policy - EsadeEcPol\" \/>\n<meta property=\"article:modified_time\" content=\"2021-06-23T14:30:52+00:00\" \/>\n<meta property=\"og:image\" content=\"http:\/\/webecpol.esade.edu\/wp-content\/uploads\/2020\/10\/next-generation.jpg\" \/>\n\t<meta property=\"og:image:width\" content=\"1920\" \/>\n\t<meta property=\"og:image:height\" content=\"812\" \/>\n\t<meta property=\"og:image:type\" content=\"image\/jpeg\" \/>\n<meta name=\"twitter:card\" content=\"summary_large_image\" \/>\n<meta name=\"twitter:site\" content=\"@esadeecpol\" \/>\n<meta name=\"twitter:label1\" content=\"Tiempo de lectura\" \/>\n\t<meta name=\"twitter:data1\" content=\"2 minutos\" \/>\n<script type=\"application\/ld+json\" class=\"yoast-schema-graph\">{\"@context\":\"https:\/\/schema.org\",\"@graph\":[{\"@type\":\"WebPage\",\"@id\":\"http:\/\/webecpol.esade.edu\/es\/publicaciones\/esadeecpol-policy-brief-fondos-europeos\/\",\"url\":\"http:\/\/webecpol.esade.edu\/es\/publicaciones\/esadeecpol-policy-brief-fondos-europeos\/\",\"name\":\"Cinco propuestas para una mejor absorci\u00f3n de los fondos europeos - Center for Economic Policy - EsadeEcPol\",\"isPartOf\":{\"@id\":\"http:\/\/webecpol.esade.edu\/es\/#website\"},\"datePublished\":\"2020-10-01T16:30:46+00:00\",\"dateModified\":\"2021-06-23T14:30:52+00:00\",\"description\":\"El compromiso alcanzado por la Comisi\u00f3n Europea representa el\u00a0paquete de ayudas m\u00e1s ambicioso de la historia reciente.\",\"breadcrumb\":{\"@id\":\"http:\/\/webecpol.esade.edu\/es\/publicaciones\/esadeecpol-policy-brief-fondos-europeos\/#breadcrumb\"},\"inLanguage\":\"es\",\"potentialAction\":[{\"@type\":\"ReadAction\",\"target\":[\"http:\/\/webecpol.esade.edu\/es\/publicaciones\/esadeecpol-policy-brief-fondos-europeos\/\"]}]},{\"@type\":\"BreadcrumbList\",\"@id\":\"http:\/\/webecpol.esade.edu\/es\/publicaciones\/esadeecpol-policy-brief-fondos-europeos\/#breadcrumb\",\"itemListElement\":[{\"@type\":\"ListItem\",\"position\":1,\"name\":\"Portada\",\"item\":\"http:\/\/webecpol.esade.edu\/es\/\"},{\"@type\":\"ListItem\",\"position\":2,\"name\":\"Publicaciones\",\"item\":\"http:\/\/webecpol.esade.edu\/es\/publicaciones\/\"},{\"@type\":\"ListItem\",\"position\":3,\"name\":\"Cinco propuestas para una mejor absorci\u00f3n de los fondos europeos\"}]},{\"@type\":\"WebSite\",\"@id\":\"http:\/\/webecpol.esade.edu\/es\/#website\",\"url\":\"http:\/\/webecpol.esade.edu\/es\/\",\"name\":\"Center for Economic Policy - EsadeEcPol\",\"description\":\"\",\"potentialAction\":[{\"@type\":\"SearchAction\",\"target\":{\"@type\":\"EntryPoint\",\"urlTemplate\":\"http:\/\/webecpol.esade.edu\/es\/?s={search_term_string}\"},\"query-input\":\"required name=search_term_string\"}],\"inLanguage\":\"es\"}]}<\/script>\n<!-- \/ Yoast SEO plugin. -->","yoast_head_json":{"title":"Cinco propuestas para una mejor absorci\u00f3n de los fondos europeos - Center for Economic Policy - EsadeEcPol","description":"El compromiso alcanzado por la Comisi\u00f3n Europea representa el\u00a0paquete de ayudas m\u00e1s ambicioso de la historia reciente.","robots":{"index":"index","follow":"follow","max-snippet":"max-snippet:-1","max-image-preview":"max-image-preview:large","max-video-preview":"max-video-preview:-1"},"canonical":"http:\/\/webecpol.esade.edu\/es\/publicaciones\/esadeecpol-policy-brief-fondos-europeos\/","og_locale":"es_ES","og_type":"article","og_title":"Cinco propuestas para una mejor absorci\u00f3n de los fondos europeos - Center for Economic Policy - EsadeEcPol","og_description":"El compromiso alcanzado por la Comisi\u00f3n Europea representa el\u00a0paquete de ayudas m\u00e1s ambicioso de la historia reciente.","og_url":"http:\/\/webecpol.esade.edu\/es\/publicaciones\/esadeecpol-policy-brief-fondos-europeos\/","og_site_name":"Center for Economic Policy - EsadeEcPol","article_modified_time":"2021-06-23T14:30:52+00:00","og_image":[{"width":1920,"height":812,"url":"http:\/\/webecpol.esade.edu\/wp-content\/uploads\/2020\/10\/next-generation.jpg","type":"image\/jpeg"}],"twitter_card":"summary_large_image","twitter_site":"@esadeecpol","twitter_misc":{"Tiempo de lectura":"2 minutos"},"schema":{"@context":"https:\/\/schema.org","@graph":[{"@type":"WebPage","@id":"http:\/\/webecpol.esade.edu\/es\/publicaciones\/esadeecpol-policy-brief-fondos-europeos\/","url":"http:\/\/webecpol.esade.edu\/es\/publicaciones\/esadeecpol-policy-brief-fondos-europeos\/","name":"Cinco propuestas para una mejor absorci\u00f3n de los fondos europeos - Center for Economic Policy - EsadeEcPol","isPartOf":{"@id":"http:\/\/webecpol.esade.edu\/es\/#website"},"datePublished":"2020-10-01T16:30:46+00:00","dateModified":"2021-06-23T14:30:52+00:00","description":"El compromiso alcanzado por la Comisi\u00f3n Europea representa el\u00a0paquete de ayudas m\u00e1s ambicioso de la historia reciente.","breadcrumb":{"@id":"http:\/\/webecpol.esade.edu\/es\/publicaciones\/esadeecpol-policy-brief-fondos-europeos\/#breadcrumb"},"inLanguage":"es","potentialAction":[{"@type":"ReadAction","target":["http:\/\/webecpol.esade.edu\/es\/publicaciones\/esadeecpol-policy-brief-fondos-europeos\/"]}]},{"@type":"BreadcrumbList","@id":"http:\/\/webecpol.esade.edu\/es\/publicaciones\/esadeecpol-policy-brief-fondos-europeos\/#breadcrumb","itemListElement":[{"@type":"ListItem","position":1,"name":"Portada","item":"http:\/\/webecpol.esade.edu\/es\/"},{"@type":"ListItem","position":2,"name":"Publicaciones","item":"http:\/\/webecpol.esade.edu\/es\/publicaciones\/"},{"@type":"ListItem","position":3,"name":"Cinco propuestas para una mejor absorci\u00f3n de los fondos europeos"}]},{"@type":"WebSite","@id":"http:\/\/webecpol.esade.edu\/es\/#website","url":"http:\/\/webecpol.esade.edu\/es\/","name":"Center for Economic Policy - EsadeEcPol","description":"","potentialAction":[{"@type":"SearchAction","target":{"@type":"EntryPoint","urlTemplate":"http:\/\/webecpol.esade.edu\/es\/?s={search_term_string}"},"query-input":"required name=search_term_string"}],"inLanguage":"es"}]}},"_links":{"self":[{"href":"http:\/\/webecpol.esade.edu\/es\/wp-json\/wp\/v2\/publicaciones\/190"}],"collection":[{"href":"http:\/\/webecpol.esade.edu\/es\/wp-json\/wp\/v2\/publicaciones"}],"about":[{"href":"http:\/\/webecpol.esade.edu\/es\/wp-json\/wp\/v2\/types\/publicaciones"}],"version-history":[{"count":8,"href":"http:\/\/webecpol.esade.edu\/es\/wp-json\/wp\/v2\/publicaciones\/190\/revisions"}],"predecessor-version":[{"id":4903,"href":"http:\/\/webecpol.esade.edu\/es\/wp-json\/wp\/v2\/publicaciones\/190\/revisions\/4903"}],"wp:attachment":[{"href":"http:\/\/webecpol.esade.edu\/es\/wp-json\/wp\/v2\/media?parent=190"}],"curies":[{"name":"wp","href":"https:\/\/api.w.org\/{rel}","templated":true}]}}

Cinco propuestas para una mejor absorción de los fondos europeos

<h2>EsadeEcPol | Policy Brief</h2>
<h4 class="t-title3">Resumen ejecutivo</h4>
<ul>
<li>El compromiso alcanzado el pasado julio por la Comisión Europea representa el <strong>paquete de ayudas más ambicioso de la historia reciente</strong>. Para España, en los próximos cinco años, la cifra de inversiones a desembolsar podría superar el 3% del PIB anualmente.</li>
<li>El uso de esa financiación <strong>representa una oportunidad única para España, pero también un reto administrativo colosal</strong>. La experiencia reciente en la ejecución de los fondos europeos demuestra que estamos mal preparados para absorber esa ayuda. En el último marco financiero plurianual hemos logrado certificar hasta diciembre de 2019 alrededor de un tercio de los fondos disponibles y ahora la ayuda se va a multiplicar por cuatro.</li>
<li>En este Policy brief analizamos algunos de los <strong>retos existentes para la ejecución efectiva de los fondos europeos para España</strong> y proponemos algunos cambios para una utilización más eficiente de la ayuda que estará disponible. Nuestras propuestas incluyen:
<ol>
<li><strong>Planificar teniendo en cuenta la capacidad administrativa</strong>: para la selección de los proyectos no solo hay que tener en cuenta las prioridades establecidas por Bruselas, sino también a la capacidad de gestión de las diferentes administraciones responsables de ejecutarlos. Un proyecto puede ser muy atractivo, pero si no es ejecutable administrativamente, no debería ser seleccionado.</li>
<li><strong>Planificar con la máxima antelación posible</strong>: conocemos cuáles van a ser las líneas de orientación generales y debemos empezar cuanto antes a diseñar la estrategia, para que con el Marco Financiero Plurianual (MFP) 21-27 y el Next Generation EU no suceda como en el MFP 14-20 y se espere a tener los diferentes reglamentos para definir los primeros proyectos y perder años en el camino. Junto a esto, la propia Comisión Europea debería acelerar y simplificar los procedimientos para disponer, en menor tiempo posible, de dichos reglamentos necesarios para la implementación del Mecanismo de Recuperación y Resiliencia, así como para la aprobación de los programas operativos en el caso concreto del MFP 21-27.</li>
<li><strong>Crear equipos profesionalizados, especializados y con experiencia previa en contratación pública en las diferentes administraciones encargadas</strong>: en la medida en que la reciente Ley de Contratos no se reforme, los procesos y trabas burocráticas resultan un freno enorme a la ejecución efectiva de los fondos.</li>
<li><strong>Crear agencias y oficinas de gestión centralizada de las licitaciones</strong>: de este modo, la posible descentralización de la ejecución entre administraciones y territorios podría compensarse con el aprovechamiento de las economías de escala que una oficina única de contratación en cada administración podría desplegar.</li>
<li><strong>Simplificar y eliminar duplicidades en los procedimientos de gestión de fondos europeos</strong>.</li>
</ol>
</li>
</ul>

<p>El compromiso alcanzado por la Comisión Europea representa el paquete de ayudas más ambicioso de la historia reciente.</p>

<!-- This site is optimized with the Yoast SEO plugin v22.9 - https://yoast.com/wordpress/plugins/seo/ -->
<title>Cinco propuestas para una mejor absorción de los fondos europeos - Center for Economic Policy - EsadeEcPol</title>
<meta name="description" content="El compromiso alcanzado por la Comisión Europea representa el paquete de ayudas más ambicioso de la historia reciente." />
<meta name="robots" content="index, follow, max-snippet:-1, max-image-preview:large, max-video-preview:-1" />
<link rel="canonical" href="http://webecpol.esade.edu/es/publicaciones/esadeecpol-policy-brief-fondos-europeos/" />
<meta property="og:locale" content="es_ES" />
<meta property="og:type" content="article" />
<meta property="og:title" content="Cinco propuestas para una mejor absorción de los fondos europeos - Center for Economic Policy - EsadeEcPol" />
<meta property="og:description" content="El compromiso alcanzado por la Comisión Europea representa el paquete de ayudas más ambicioso de la historia reciente." />
<meta property="og:url" content="http://webecpol.esade.edu/es/publicaciones/esadeecpol-policy-brief-fondos-europeos/" />
<meta property="og:site_name" content="Center for Economic Policy - EsadeEcPol" />
<meta property="article:modified_time" content="2021-06-23T14:30:52+00:00" />
<meta property="og:image" content="http://webecpol.esade.edu/wp-content/uploads/2020/10/next-generation.jpg" />
	<meta property="og:image:width" content="1920" />
	<meta property="og:image:height" content="812" />
	<meta property="og:image:type" content="image/jpeg" />
<meta name="twitter:card" content="summary_large_image" />
<meta name="twitter:site" content="@esadeecpol" />
<meta name="twitter:label1" content="Tiempo de lectura" />
	<meta name="twitter:data1" content="2 minutos" />
<script type="application/ld+json" class="yoast-schema-graph">{"@context":"https://schema.org","@graph":[{"@type":"WebPage","@id":"http://webecpol.esade.edu/es/publicaciones/esadeecpol-policy-brief-fondos-europeos/","url":"http://webecpol.esade.edu/es/publicaciones/esadeecpol-policy-brief-fondos-europeos/","name":"Cinco propuestas para una mejor absorción de los fondos europeos - Center for Economic Policy - EsadeEcPol","isPartOf":{"@id":"http://webecpol.esade.edu/es/#website"},"datePublished":"2020-10-01T16:30:46+00:00","dateModified":"2021-06-23T14:30:52+00:00","description":"El compromiso alcanzado por la Comisión Europea representa el paquete de ayudas más ambicioso de la historia reciente.","breadcrumb":{"@id":"http://webecpol.esade.edu/es/publicaciones/esadeecpol-policy-brief-fondos-europeos/#breadcrumb"},"inLanguage":"es","potentialAction":[{"@type":"ReadAction","target":["http://webecpol.esade.edu/es/publicaciones/esadeecpol-policy-brief-fondos-europeos/"]}]},{"@type":"BreadcrumbList","@id":"http://webecpol.esade.edu/es/publicaciones/esadeecpol-policy-brief-fondos-europeos/#breadcrumb","itemListElement":[{"@type":"ListItem","position":1,"name":"Portada","item":"http://webecpol.esade.edu/es/"},{"@type":"ListItem","position":2,"name":"Publicaciones","item":"http://webecpol.esade.edu/es/publicaciones/"},{"@type":"ListItem","position":3,"name":"Cinco propuestas para una mejor absorción de los fondos europeos"}]},{"@type":"WebSite","@id":"http://webecpol.esade.edu/es/#website","url":"http://webecpol.esade.edu/es/","name":"Center for Economic Policy - EsadeEcPol","description":"","potentialAction":[{"@type":"SearchAction","target":{"@type":"EntryPoint","urlTemplate":"http://webecpol.esade.edu/es/?s={search_term_string}"},"query-input":"required name=search_term_string"}],"inLanguage":"es"}]}</script>
<!-- / Yoast SEO plugin. -->

Cinco propuestas para una mejor absorción de los fondos europeos - Center for Economic Policy - EsadeEcPol

El compromiso alcanzado por la Comisión Europea representa el paquete de ayudas más ambicioso de la historia reciente.
