{"id":12461,"date":"2025-07-07T13:35:50","date_gmt":"2025-07-07T11:35:50","guid":{"rendered":"http:\/\/webecpol.esade.edu\/?post_type=publicaciones&#038;p=12461"},"modified":"2025-10-04T07:36:31","modified_gmt":"2025-10-04T05:36:31","slug":"reconfiguracion-de-las-cadenas-globales-de-valor-ante-las-nuevas-tensiones-comerciales-adaptarse-en-un-mundo-fragmentado","status":"publish","type":"publicaciones","link":"http:\/\/webecpol.esade.edu\/es\/publicaciones\/reconfiguracion-de-las-cadenas-globales-de-valor-ante-las-nuevas-tensiones-comerciales-adaptarse-en-un-mundo-fragmentado\/","title":{"rendered":"La reconfiguraci\u00f3n de las cadenas de valor ante las nuevas tensiones comerciales"},"content":{"rendered":"<p>\u2192 Las tensiones geoecon\u00f3micas han impulsado estrategias de diversificaci\u00f3n como China+1, nearshoring y friendshoring, reconfigurando las cadenas de valor para reducir riesgos de concentraci\u00f3n en China.<\/p>\n<p>\u2192 Aunque las exportaciones chinas se canalizan v\u00eda terceros (M\u00e9xico, Vietnam), la reciente pol\u00edtica arancelaria de EE. UU. (Liberation Day) limita estas t\u00e1cticas, si bien seis de cada diez empresas ya han modificado sus rutas log\u00edsticas en 2025.<\/p>\n<p>\u2192 Europa prioriza el derisking m\u00e1s que el desacoplamiento total, diversificando proveedores de insumos cr\u00edticos y acelerando la integraci\u00f3n del mercado \u00fanico para mejorar competitividad y resiliencia ante crisis globales.<\/p>\n","protected":false},"excerpt":{"rendered":"<p>\u2192 Las tensiones geoecon\u00f3micas han impulsado estrategias de diversificaci\u00f3n como China+1, nearshoring y friendshoring, reconfigurando las cadenas de valor para reducir riesgos de concentraci\u00f3n en China. \u2192 Aunque las exportaciones chinas se canalizan v\u00eda terceros (M\u00e9xico, Vietnam), la reciente pol\u00edtica arancelaria de EE. UU. (Liberation Day) limita estas t\u00e1cticas, si bien seis de cada diez [&hellip;]<\/p>\n","protected":false},"featured_media":12468,"template":"","yoast_head":"<!-- This site is optimized with the Yoast SEO plugin v22.9 - https:\/\/yoast.com\/wordpress\/plugins\/seo\/ -->\n<title>La reconfiguraci\u00f3n de las cadenas de valor ante las nuevas tensiones comerciales - Center for Economic Policy - EsadeEcPol<\/title>\n<meta name=\"robots\" content=\"index, follow, max-snippet:-1, max-image-preview:large, max-video-preview:-1\" \/>\n<link rel=\"canonical\" href=\"http:\/\/webecpol.esade.edu\/es\/publicaciones\/reconfiguracion-de-las-cadenas-globales-de-valor-ante-las-nuevas-tensiones-comerciales-adaptarse-en-un-mundo-fragmentado\/\" \/>\n<meta property=\"og:locale\" content=\"es_ES\" \/>\n<meta property=\"og:type\" content=\"article\" \/>\n<meta property=\"og:title\" content=\"La reconfiguraci\u00f3n de las cadenas de valor ante las nuevas tensiones comerciales - Center for Economic Policy - EsadeEcPol\" \/>\n<meta property=\"og:description\" content=\"\u2192 Las tensiones geoecon\u00f3micas han impulsado estrategias de diversificaci\u00f3n como China+1, nearshoring y friendshoring, reconfigurando las cadenas de valor para reducir riesgos de concentraci\u00f3n en China. \u2192 Aunque las exportaciones chinas se canalizan v\u00eda terceros (M\u00e9xico, Vietnam), la reciente pol\u00edtica arancelaria de EE. UU. (Liberation Day) limita estas t\u00e1cticas, si bien seis de cada diez [&hellip;]\" \/>\n<meta property=\"og:url\" content=\"http:\/\/webecpol.esade.edu\/es\/publicaciones\/reconfiguracion-de-las-cadenas-globales-de-valor-ante-las-nuevas-tensiones-comerciales-adaptarse-en-un-mundo-fragmentado\/\" \/>\n<meta property=\"og:site_name\" content=\"Center for Economic Policy - EsadeEcPol\" \/>\n<meta property=\"article:modified_time\" content=\"2025-10-04T05:36:31+00:00\" \/>\n<meta property=\"og:image\" content=\"http:\/\/webecpol.esade.edu\/wp-content\/uploads\/2025\/08\/art-4.png\" \/>\n\t<meta property=\"og:image:width\" content=\"1496\" \/>\n\t<meta property=\"og:image:height\" content=\"1230\" \/>\n\t<meta property=\"og:image:type\" content=\"image\/png\" \/>\n<meta name=\"twitter:card\" content=\"summary_large_image\" \/>\n<meta name=\"twitter:site\" content=\"@esadeecpol\" \/>\n<meta name=\"twitter:label1\" content=\"Tiempo de lectura\" \/>\n\t<meta name=\"twitter:data1\" content=\"1 minuto\" \/>\n<script type=\"application\/ld+json\" class=\"yoast-schema-graph\">{\"@context\":\"https:\/\/schema.org\",\"@graph\":[{\"@type\":\"WebPage\",\"@id\":\"http:\/\/webecpol.esade.edu\/es\/publicaciones\/reconfiguracion-de-las-cadenas-globales-de-valor-ante-las-nuevas-tensiones-comerciales-adaptarse-en-un-mundo-fragmentado\/\",\"url\":\"http:\/\/webecpol.esade.edu\/es\/publicaciones\/reconfiguracion-de-las-cadenas-globales-de-valor-ante-las-nuevas-tensiones-comerciales-adaptarse-en-un-mundo-fragmentado\/\",\"name\":\"La reconfiguraci\u00f3n de las cadenas de valor ante las nuevas tensiones comerciales - Center for Economic Policy - EsadeEcPol\",\"isPartOf\":{\"@id\":\"http:\/\/webecpol.esade.edu\/es\/#website\"},\"primaryImageOfPage\":{\"@id\":\"http:\/\/webecpol.esade.edu\/es\/publicaciones\/reconfiguracion-de-las-cadenas-globales-de-valor-ante-las-nuevas-tensiones-comerciales-adaptarse-en-un-mundo-fragmentado\/#primaryimage\"},\"image\":{\"@id\":\"http:\/\/webecpol.esade.edu\/es\/publicaciones\/reconfiguracion-de-las-cadenas-globales-de-valor-ante-las-nuevas-tensiones-comerciales-adaptarse-en-un-mundo-fragmentado\/#primaryimage\"},\"thumbnailUrl\":\"http:\/\/webecpol.esade.edu\/wp-content\/uploads\/2025\/08\/art-4.png\",\"datePublished\":\"2025-07-07T11:35:50+00:00\",\"dateModified\":\"2025-10-04T05:36:31+00:00\",\"breadcrumb\":{\"@id\":\"http:\/\/webecpol.esade.edu\/es\/publicaciones\/reconfiguracion-de-las-cadenas-globales-de-valor-ante-las-nuevas-tensiones-comerciales-adaptarse-en-un-mundo-fragmentado\/#breadcrumb\"},\"inLanguage\":\"es\",\"potentialAction\":[{\"@type\":\"ReadAction\",\"target\":[\"http:\/\/webecpol.esade.edu\/es\/publicaciones\/reconfiguracion-de-las-cadenas-globales-de-valor-ante-las-nuevas-tensiones-comerciales-adaptarse-en-un-mundo-fragmentado\/\"]}]},{\"@type\":\"ImageObject\",\"inLanguage\":\"es\",\"@id\":\"http:\/\/webecpol.esade.edu\/es\/publicaciones\/reconfiguracion-de-las-cadenas-globales-de-valor-ante-las-nuevas-tensiones-comerciales-adaptarse-en-un-mundo-fragmentado\/#primaryimage\",\"url\":\"http:\/\/webecpol.esade.edu\/wp-content\/uploads\/2025\/08\/art-4.png\",\"contentUrl\":\"http:\/\/webecpol.esade.edu\/wp-content\/uploads\/2025\/08\/art-4.png\",\"width\":1496,\"height\":1230},{\"@type\":\"BreadcrumbList\",\"@id\":\"http:\/\/webecpol.esade.edu\/es\/publicaciones\/reconfiguracion-de-las-cadenas-globales-de-valor-ante-las-nuevas-tensiones-comerciales-adaptarse-en-un-mundo-fragmentado\/#breadcrumb\",\"itemListElement\":[{\"@type\":\"ListItem\",\"position\":1,\"name\":\"Portada\",\"item\":\"http:\/\/webecpol.esade.edu\/es\/\"},{\"@type\":\"ListItem\",\"position\":2,\"name\":\"Publicaciones\",\"item\":\"http:\/\/webecpol.esade.edu\/es\/publicaciones\/\"},{\"@type\":\"ListItem\",\"position\":3,\"name\":\"La reconfiguraci\u00f3n de las cadenas de valor ante las nuevas tensiones comerciales\"}]},{\"@type\":\"WebSite\",\"@id\":\"http:\/\/webecpol.esade.edu\/es\/#website\",\"url\":\"http:\/\/webecpol.esade.edu\/es\/\",\"name\":\"Center for Economic Policy - EsadeEcPol\",\"description\":\"\",\"potentialAction\":[{\"@type\":\"SearchAction\",\"target\":{\"@type\":\"EntryPoint\",\"urlTemplate\":\"http:\/\/webecpol.esade.edu\/es\/?s={search_term_string}\"},\"query-input\":\"required name=search_term_string\"}],\"inLanguage\":\"es\"}]}<\/script>\n<!-- \/ Yoast SEO plugin. -->","yoast_head_json":{"title":"La reconfiguraci\u00f3n de las cadenas de valor ante las nuevas tensiones comerciales - Center for Economic Policy - EsadeEcPol","robots":{"index":"index","follow":"follow","max-snippet":"max-snippet:-1","max-image-preview":"max-image-preview:large","max-video-preview":"max-video-preview:-1"},"canonical":"http:\/\/webecpol.esade.edu\/es\/publicaciones\/reconfiguracion-de-las-cadenas-globales-de-valor-ante-las-nuevas-tensiones-comerciales-adaptarse-en-un-mundo-fragmentado\/","og_locale":"es_ES","og_type":"article","og_title":"La reconfiguraci\u00f3n de las cadenas de valor ante las nuevas tensiones comerciales - Center for Economic Policy - EsadeEcPol","og_description":"\u2192 Las tensiones geoecon\u00f3micas han impulsado estrategias de diversificaci\u00f3n como China+1, nearshoring y friendshoring, reconfigurando las cadenas de valor para reducir riesgos de concentraci\u00f3n en China. \u2192 Aunque las exportaciones chinas se canalizan v\u00eda terceros (M\u00e9xico, Vietnam), la reciente pol\u00edtica arancelaria de EE. UU. (Liberation Day) limita estas t\u00e1cticas, si bien seis de cada diez [&hellip;]","og_url":"http:\/\/webecpol.esade.edu\/es\/publicaciones\/reconfiguracion-de-las-cadenas-globales-de-valor-ante-las-nuevas-tensiones-comerciales-adaptarse-en-un-mundo-fragmentado\/","og_site_name":"Center for Economic Policy - EsadeEcPol","article_modified_time":"2025-10-04T05:36:31+00:00","og_image":[{"width":1496,"height":1230,"url":"http:\/\/webecpol.esade.edu\/wp-content\/uploads\/2025\/08\/art-4.png","type":"image\/png"}],"twitter_card":"summary_large_image","twitter_site":"@esadeecpol","twitter_misc":{"Tiempo de lectura":"1 minuto"},"schema":{"@context":"https:\/\/schema.org","@graph":[{"@type":"WebPage","@id":"http:\/\/webecpol.esade.edu\/es\/publicaciones\/reconfiguracion-de-las-cadenas-globales-de-valor-ante-las-nuevas-tensiones-comerciales-adaptarse-en-un-mundo-fragmentado\/","url":"http:\/\/webecpol.esade.edu\/es\/publicaciones\/reconfiguracion-de-las-cadenas-globales-de-valor-ante-las-nuevas-tensiones-comerciales-adaptarse-en-un-mundo-fragmentado\/","name":"La reconfiguraci\u00f3n de las cadenas de valor ante las nuevas tensiones comerciales - Center for Economic Policy - EsadeEcPol","isPartOf":{"@id":"http:\/\/webecpol.esade.edu\/es\/#website"},"primaryImageOfPage":{"@id":"http:\/\/webecpol.esade.edu\/es\/publicaciones\/reconfiguracion-de-las-cadenas-globales-de-valor-ante-las-nuevas-tensiones-comerciales-adaptarse-en-un-mundo-fragmentado\/#primaryimage"},"image":{"@id":"http:\/\/webecpol.esade.edu\/es\/publicaciones\/reconfiguracion-de-las-cadenas-globales-de-valor-ante-las-nuevas-tensiones-comerciales-adaptarse-en-un-mundo-fragmentado\/#primaryimage"},"thumbnailUrl":"http:\/\/webecpol.esade.edu\/wp-content\/uploads\/2025\/08\/art-4.png","datePublished":"2025-07-07T11:35:50+00:00","dateModified":"2025-10-04T05:36:31+00:00","breadcrumb":{"@id":"http:\/\/webecpol.esade.edu\/es\/publicaciones\/reconfiguracion-de-las-cadenas-globales-de-valor-ante-las-nuevas-tensiones-comerciales-adaptarse-en-un-mundo-fragmentado\/#breadcrumb"},"inLanguage":"es","potentialAction":[{"@type":"ReadAction","target":["http:\/\/webecpol.esade.edu\/es\/publicaciones\/reconfiguracion-de-las-cadenas-globales-de-valor-ante-las-nuevas-tensiones-comerciales-adaptarse-en-un-mundo-fragmentado\/"]}]},{"@type":"ImageObject","inLanguage":"es","@id":"http:\/\/webecpol.esade.edu\/es\/publicaciones\/reconfiguracion-de-las-cadenas-globales-de-valor-ante-las-nuevas-tensiones-comerciales-adaptarse-en-un-mundo-fragmentado\/#primaryimage","url":"http:\/\/webecpol.esade.edu\/wp-content\/uploads\/2025\/08\/art-4.png","contentUrl":"http:\/\/webecpol.esade.edu\/wp-content\/uploads\/2025\/08\/art-4.png","width":1496,"height":1230},{"@type":"BreadcrumbList","@id":"http:\/\/webecpol.esade.edu\/es\/publicaciones\/reconfiguracion-de-las-cadenas-globales-de-valor-ante-las-nuevas-tensiones-comerciales-adaptarse-en-un-mundo-fragmentado\/#breadcrumb","itemListElement":[{"@type":"ListItem","position":1,"name":"Portada","item":"http:\/\/webecpol.esade.edu\/es\/"},{"@type":"ListItem","position":2,"name":"Publicaciones","item":"http:\/\/webecpol.esade.edu\/es\/publicaciones\/"},{"@type":"ListItem","position":3,"name":"La reconfiguraci\u00f3n de las cadenas de valor ante las nuevas tensiones comerciales"}]},{"@type":"WebSite","@id":"http:\/\/webecpol.esade.edu\/es\/#website","url":"http:\/\/webecpol.esade.edu\/es\/","name":"Center for Economic Policy - EsadeEcPol","description":"","potentialAction":[{"@type":"SearchAction","target":{"@type":"EntryPoint","urlTemplate":"http:\/\/webecpol.esade.edu\/es\/?s={search_term_string}"},"query-input":"required name=search_term_string"}],"inLanguage":"es"}]}},"_links":{"self":[{"href":"http:\/\/webecpol.esade.edu\/es\/wp-json\/wp\/v2\/publicaciones\/12461"}],"collection":[{"href":"http:\/\/webecpol.esade.edu\/es\/wp-json\/wp\/v2\/publicaciones"}],"about":[{"href":"http:\/\/webecpol.esade.edu\/es\/wp-json\/wp\/v2\/types\/publicaciones"}],"version-history":[{"count":3,"href":"http:\/\/webecpol.esade.edu\/es\/wp-json\/wp\/v2\/publicaciones\/12461\/revisions"}],"predecessor-version":[{"id":12561,"href":"http:\/\/webecpol.esade.edu\/es\/wp-json\/wp\/v2\/publicaciones\/12461\/revisions\/12561"}],"wp:featuredmedia":[{"embeddable":true,"href":"http:\/\/webecpol.esade.edu\/es\/wp-json\/wp\/v2\/media\/12468"}],"wp:attachment":[{"href":"http:\/\/webecpol.esade.edu\/es\/wp-json\/wp\/v2\/media?parent=12461"}],"curies":[{"name":"wp","href":"https:\/\/api.w.org\/{rel}","templated":true}]}}

La reconfiguración de las cadenas de valor ante las nuevas tensiones comerciales

<p>→ Las tensiones geoeconómicas han impulsado estrategias de diversificación como China+1, nearshoring y friendshoring, reconfigurando las cadenas de valor para reducir riesgos de concentración en China.</p>
<p>→ Aunque las exportaciones chinas se canalizan vía terceros (México, Vietnam), la reciente política arancelaria de EE. UU. (Liberation Day) limita estas tácticas, si bien seis de cada diez empresas ya han modificado sus rutas logísticas en 2025.</p>
<p>→ Europa prioriza el derisking más que el desacoplamiento total, diversificando proveedores de insumos críticos y acelerando la integración del mercado único para mejorar competitividad y resiliencia ante crisis globales.</p>

<p>→ Las tensiones geoeconómicas han impulsado estrategias de diversificación como China+1, nearshoring y friendshoring, reconfigurando las cadenas de valor para reducir riesgos de concentración en China. → Aunque las exportaciones chinas se canalizan vía terceros (México, Vietnam), la reciente política arancelaria de EE. UU. (Liberation Day) limita estas tácticas, si bien seis de cada diez [&hellip;]</p>

<!-- This site is optimized with the Yoast SEO plugin v22.9 - https://yoast.com/wordpress/plugins/seo/ -->
<title>La reconfiguración de las cadenas de valor ante las nuevas tensiones comerciales - Center for Economic Policy - EsadeEcPol</title>
<meta name="robots" content="index, follow, max-snippet:-1, max-image-preview:large, max-video-preview:-1" />
<link rel="canonical" href="http://webecpol.esade.edu/es/publicaciones/reconfiguracion-de-las-cadenas-globales-de-valor-ante-las-nuevas-tensiones-comerciales-adaptarse-en-un-mundo-fragmentado/" />
<meta property="og:locale" content="es_ES" />
<meta property="og:type" content="article" />
<meta property="og:title" content="La reconfiguración de las cadenas de valor ante las nuevas tensiones comerciales - Center for Economic Policy - EsadeEcPol" />
<meta property="og:description" content="→ Las tensiones geoeconómicas han impulsado estrategias de diversificación como China+1, nearshoring y friendshoring, reconfigurando las cadenas de valor para reducir riesgos de concentración en China. → Aunque las exportaciones chinas se canalizan vía terceros (México, Vietnam), la reciente política arancelaria de EE. UU. (Liberation Day) limita estas tácticas, si bien seis de cada diez [&hellip;]" />
<meta property="og:url" content="http://webecpol.esade.edu/es/publicaciones/reconfiguracion-de-las-cadenas-globales-de-valor-ante-las-nuevas-tensiones-comerciales-adaptarse-en-un-mundo-fragmentado/" />
<meta property="og:site_name" content="Center for Economic Policy - EsadeEcPol" />
<meta property="article:modified_time" content="2025-10-04T05:36:31+00:00" />
<meta property="og:image" content="http://webecpol.esade.edu/wp-content/uploads/2025/08/art-4.png" />
	<meta property="og:image:width" content="1496" />
	<meta property="og:image:height" content="1230" />
	<meta property="og:image:type" content="image/png" />
<meta name="twitter:card" content="summary_large_image" />
<meta name="twitter:site" content="@esadeecpol" />
<meta name="twitter:label1" content="Tiempo de lectura" />
	<meta name="twitter:data1" content="1 minuto" />
<script type="application/ld+json" class="yoast-schema-graph">{"@context":"https://schema.org","@graph":[{"@type":"WebPage","@id":"http://webecpol.esade.edu/es/publicaciones/reconfiguracion-de-las-cadenas-globales-de-valor-ante-las-nuevas-tensiones-comerciales-adaptarse-en-un-mundo-fragmentado/","url":"http://webecpol.esade.edu/es/publicaciones/reconfiguracion-de-las-cadenas-globales-de-valor-ante-las-nuevas-tensiones-comerciales-adaptarse-en-un-mundo-fragmentado/","name":"La reconfiguración de las cadenas de valor ante las nuevas tensiones comerciales - Center for Economic Policy - EsadeEcPol","isPartOf":{"@id":"http://webecpol.esade.edu/es/#website"},"primaryImageOfPage":{"@id":"http://webecpol.esade.edu/es/publicaciones/reconfiguracion-de-las-cadenas-globales-de-valor-ante-las-nuevas-tensiones-comerciales-adaptarse-en-un-mundo-fragmentado/#primaryimage"},"image":{"@id":"http://webecpol.esade.edu/es/publicaciones/reconfiguracion-de-las-cadenas-globales-de-valor-ante-las-nuevas-tensiones-comerciales-adaptarse-en-un-mundo-fragmentado/#primaryimage"},"thumbnailUrl":"http://webecpol.esade.edu/wp-content/uploads/2025/08/art-4.png","datePublished":"2025-07-07T11:35:50+00:00","dateModified":"2025-10-04T05:36:31+00:00","breadcrumb":{"@id":"http://webecpol.esade.edu/es/publicaciones/reconfiguracion-de-las-cadenas-globales-de-valor-ante-las-nuevas-tensiones-comerciales-adaptarse-en-un-mundo-fragmentado/#breadcrumb"},"inLanguage":"es","potentialAction":[{"@type":"ReadAction","target":["http://webecpol.esade.edu/es/publicaciones/reconfiguracion-de-las-cadenas-globales-de-valor-ante-las-nuevas-tensiones-comerciales-adaptarse-en-un-mundo-fragmentado/"]}]},{"@type":"ImageObject","inLanguage":"es","@id":"http://webecpol.esade.edu/es/publicaciones/reconfiguracion-de-las-cadenas-globales-de-valor-ante-las-nuevas-tensiones-comerciales-adaptarse-en-un-mundo-fragmentado/#primaryimage","url":"http://webecpol.esade.edu/wp-content/uploads/2025/08/art-4.png","contentUrl":"http://webecpol.esade.edu/wp-content/uploads/2025/08/art-4.png","width":1496,"height":1230},{"@type":"BreadcrumbList","@id":"http://webecpol.esade.edu/es/publicaciones/reconfiguracion-de-las-cadenas-globales-de-valor-ante-las-nuevas-tensiones-comerciales-adaptarse-en-un-mundo-fragmentado/#breadcrumb","itemListElement":[{"@type":"ListItem","position":1,"name":"Portada","item":"http://webecpol.esade.edu/es/"},{"@type":"ListItem","position":2,"name":"Publicaciones","item":"http://webecpol.esade.edu/es/publicaciones/"},{"@type":"ListItem","position":3,"name":"La reconfiguración de las cadenas de valor ante las nuevas tensiones comerciales"}]},{"@type":"WebSite","@id":"http://webecpol.esade.edu/es/#website","url":"http://webecpol.esade.edu/es/","name":"Center for Economic Policy - EsadeEcPol","description":"","potentialAction":[{"@type":"SearchAction","target":{"@type":"EntryPoint","urlTemplate":"http://webecpol.esade.edu/es/?s={search_term_string}"},"query-input":"required name=search_term_string"}],"inLanguage":"es"}]}</script>
<!-- / Yoast SEO plugin. -->

La reconfiguración de las cadenas de valor ante las nuevas tensiones comerciales - Center for Economic Policy - EsadeEcPol

→ Las tensiones geoeconómicas han impulsado estrategias de diversificación como China+1, nearshoring y friendshoring, reconfigurando las cadenas de valor para reducir riesgos de concentración en China. → Aunque las exportaciones chinas se canalizan vía terceros (México, Vietnam), la reciente política arancelaria de EE. UU. (Liberation Day) limita estas tácticas, si bien seis de cada diez [&hellip;]
