{"id":12145,"date":"2025-07-25T09:19:40","date_gmt":"2025-07-25T07:19:40","guid":{"rendered":"http:\/\/webecpol.esade.edu\/?post_type=publicaciones&#038;p=12145"},"modified":"2025-10-04T07:37:01","modified_gmt":"2025-10-04T05:37:01","slug":"el-nuevo-mercado-de-alquiler-nuevas-formulas-viejos-objetivos","status":"publish","type":"publicaciones","link":"http:\/\/webecpol.esade.edu\/es\/publicaciones\/el-nuevo-mercado-de-alquiler-nuevas-formulas-viejos-objetivos\/","title":{"rendered":"El nuevo mercado de alquiler: nuevas f\u00f3rmulas, viejos objetivos"},"content":{"rendered":"<p>En este art\u00edculo publicado originalmente en el Informe Econ\u00f3mico y Financiero que publicamos en marzo de 2025 con el apoyo del Banco Sabadell, el economista y profesor de Tecnocampus Josep Maria Raya analiza a fondo el mercado de alquiler y observa que:<\/p>\n<ul>\n<li>Se multiplican los alquileres de temporada y habitaciones, atrayendo oferta en detrimento del alquiler fijo.<\/li>\n<li>La incertidumbre regulatoria y la percepci\u00f3n de inseguridad empujan a los propietarios a segmentos m\u00e1s rentables o menos inciertos\/regulados.<\/li>\n<li>El mercado se segmenta as\u00ed cada vez m\u00e1s tambi\u00e9n en alquiler entre vacacional, temporada y larga duraci\u00f3n.<\/li>\n<\/ul>\n","protected":false},"excerpt":{"rendered":"<p>En este art\u00edculo publicado originalmente en el Informe Econ\u00f3mico y Financiero que publicamos en marzo de 2025 con el apoyo del Banco Sabadell, el economista y profesor de Tecnocampus Josep Maria Raya analiza a fondo el mercado de alquiler y observa que: Se multiplican los alquileres de temporada y habitaciones, atrayendo oferta en detrimento del [&hellip;]<\/p>\n","protected":false},"featured_media":12146,"template":"","yoast_head":"<!-- This site is optimized with the Yoast SEO plugin v22.9 - https:\/\/yoast.com\/wordpress\/plugins\/seo\/ -->\n<title>El nuevo mercado de alquiler: nuevas f\u00f3rmulas, viejos objetivos - Center for Economic Policy - EsadeEcPol<\/title>\n<meta name=\"robots\" content=\"index, follow, max-snippet:-1, max-image-preview:large, max-video-preview:-1\" \/>\n<link rel=\"canonical\" href=\"http:\/\/webecpol.esade.edu\/es\/publicaciones\/el-nuevo-mercado-de-alquiler-nuevas-formulas-viejos-objetivos\/\" \/>\n<meta property=\"og:locale\" content=\"es_ES\" \/>\n<meta property=\"og:type\" content=\"article\" \/>\n<meta property=\"og:title\" content=\"El nuevo mercado de alquiler: nuevas f\u00f3rmulas, viejos objetivos - Center for Economic Policy - EsadeEcPol\" \/>\n<meta property=\"og:description\" content=\"En este art\u00edculo publicado originalmente en el Informe Econ\u00f3mico y Financiero que publicamos en marzo de 2025 con el apoyo del Banco Sabadell, el economista y profesor de Tecnocampus Josep Maria Raya analiza a fondo el mercado de alquiler y observa que: Se multiplican los alquileres de temporada y habitaciones, atrayendo oferta en detrimento del [&hellip;]\" \/>\n<meta property=\"og:url\" content=\"http:\/\/webecpol.esade.edu\/es\/publicaciones\/el-nuevo-mercado-de-alquiler-nuevas-formulas-viejos-objetivos\/\" \/>\n<meta property=\"og:site_name\" content=\"Center for Economic Policy - EsadeEcPol\" \/>\n<meta property=\"article:modified_time\" content=\"2025-10-04T05:37:01+00:00\" \/>\n<meta property=\"og:image\" content=\"http:\/\/webecpol.esade.edu\/wp-content\/uploads\/2025\/04\/Captura-de-pantalla-2025-04-10-a-las-9.17.07.png\" \/>\n\t<meta property=\"og:image:width\" content=\"1520\" \/>\n\t<meta property=\"og:image:height\" content=\"938\" \/>\n\t<meta property=\"og:image:type\" content=\"image\/png\" \/>\n<meta name=\"twitter:card\" content=\"summary_large_image\" \/>\n<meta name=\"twitter:site\" content=\"@esadeecpol\" \/>\n<meta name=\"twitter:label1\" content=\"Tiempo de lectura\" \/>\n\t<meta name=\"twitter:data1\" content=\"1 minuto\" \/>\n<script type=\"application\/ld+json\" class=\"yoast-schema-graph\">{\"@context\":\"https:\/\/schema.org\",\"@graph\":[{\"@type\":\"WebPage\",\"@id\":\"http:\/\/webecpol.esade.edu\/es\/publicaciones\/el-nuevo-mercado-de-alquiler-nuevas-formulas-viejos-objetivos\/\",\"url\":\"http:\/\/webecpol.esade.edu\/es\/publicaciones\/el-nuevo-mercado-de-alquiler-nuevas-formulas-viejos-objetivos\/\",\"name\":\"El nuevo mercado de alquiler: nuevas f\u00f3rmulas, viejos objetivos - Center for Economic Policy - EsadeEcPol\",\"isPartOf\":{\"@id\":\"http:\/\/webecpol.esade.edu\/es\/#website\"},\"primaryImageOfPage\":{\"@id\":\"http:\/\/webecpol.esade.edu\/es\/publicaciones\/el-nuevo-mercado-de-alquiler-nuevas-formulas-viejos-objetivos\/#primaryimage\"},\"image\":{\"@id\":\"http:\/\/webecpol.esade.edu\/es\/publicaciones\/el-nuevo-mercado-de-alquiler-nuevas-formulas-viejos-objetivos\/#primaryimage\"},\"thumbnailUrl\":\"http:\/\/webecpol.esade.edu\/wp-content\/uploads\/2025\/04\/Captura-de-pantalla-2025-04-10-a-las-9.17.07.png\",\"datePublished\":\"2025-07-25T07:19:40+00:00\",\"dateModified\":\"2025-10-04T05:37:01+00:00\",\"breadcrumb\":{\"@id\":\"http:\/\/webecpol.esade.edu\/es\/publicaciones\/el-nuevo-mercado-de-alquiler-nuevas-formulas-viejos-objetivos\/#breadcrumb\"},\"inLanguage\":\"es\",\"potentialAction\":[{\"@type\":\"ReadAction\",\"target\":[\"http:\/\/webecpol.esade.edu\/es\/publicaciones\/el-nuevo-mercado-de-alquiler-nuevas-formulas-viejos-objetivos\/\"]}]},{\"@type\":\"ImageObject\",\"inLanguage\":\"es\",\"@id\":\"http:\/\/webecpol.esade.edu\/es\/publicaciones\/el-nuevo-mercado-de-alquiler-nuevas-formulas-viejos-objetivos\/#primaryimage\",\"url\":\"http:\/\/webecpol.esade.edu\/wp-content\/uploads\/2025\/04\/Captura-de-pantalla-2025-04-10-a-las-9.17.07.png\",\"contentUrl\":\"http:\/\/webecpol.esade.edu\/wp-content\/uploads\/2025\/04\/Captura-de-pantalla-2025-04-10-a-las-9.17.07.png\",\"width\":1520,\"height\":938},{\"@type\":\"BreadcrumbList\",\"@id\":\"http:\/\/webecpol.esade.edu\/es\/publicaciones\/el-nuevo-mercado-de-alquiler-nuevas-formulas-viejos-objetivos\/#breadcrumb\",\"itemListElement\":[{\"@type\":\"ListItem\",\"position\":1,\"name\":\"Portada\",\"item\":\"http:\/\/webecpol.esade.edu\/es\/\"},{\"@type\":\"ListItem\",\"position\":2,\"name\":\"Publicaciones\",\"item\":\"http:\/\/webecpol.esade.edu\/es\/publicaciones\/\"},{\"@type\":\"ListItem\",\"position\":3,\"name\":\"El nuevo mercado de alquiler: nuevas f\u00f3rmulas, viejos objetivos\"}]},{\"@type\":\"WebSite\",\"@id\":\"http:\/\/webecpol.esade.edu\/es\/#website\",\"url\":\"http:\/\/webecpol.esade.edu\/es\/\",\"name\":\"Center for Economic Policy - EsadeEcPol\",\"description\":\"\",\"potentialAction\":[{\"@type\":\"SearchAction\",\"target\":{\"@type\":\"EntryPoint\",\"urlTemplate\":\"http:\/\/webecpol.esade.edu\/es\/?s={search_term_string}\"},\"query-input\":\"required name=search_term_string\"}],\"inLanguage\":\"es\"}]}<\/script>\n<!-- \/ Yoast SEO plugin. -->","yoast_head_json":{"title":"El nuevo mercado de alquiler: nuevas f\u00f3rmulas, viejos objetivos - Center for Economic Policy - EsadeEcPol","robots":{"index":"index","follow":"follow","max-snippet":"max-snippet:-1","max-image-preview":"max-image-preview:large","max-video-preview":"max-video-preview:-1"},"canonical":"http:\/\/webecpol.esade.edu\/es\/publicaciones\/el-nuevo-mercado-de-alquiler-nuevas-formulas-viejos-objetivos\/","og_locale":"es_ES","og_type":"article","og_title":"El nuevo mercado de alquiler: nuevas f\u00f3rmulas, viejos objetivos - Center for Economic Policy - EsadeEcPol","og_description":"En este art\u00edculo publicado originalmente en el Informe Econ\u00f3mico y Financiero que publicamos en marzo de 2025 con el apoyo del Banco Sabadell, el economista y profesor de Tecnocampus Josep Maria Raya analiza a fondo el mercado de alquiler y observa que: Se multiplican los alquileres de temporada y habitaciones, atrayendo oferta en detrimento del [&hellip;]","og_url":"http:\/\/webecpol.esade.edu\/es\/publicaciones\/el-nuevo-mercado-de-alquiler-nuevas-formulas-viejos-objetivos\/","og_site_name":"Center for Economic Policy - EsadeEcPol","article_modified_time":"2025-10-04T05:37:01+00:00","og_image":[{"width":1520,"height":938,"url":"http:\/\/webecpol.esade.edu\/wp-content\/uploads\/2025\/04\/Captura-de-pantalla-2025-04-10-a-las-9.17.07.png","type":"image\/png"}],"twitter_card":"summary_large_image","twitter_site":"@esadeecpol","twitter_misc":{"Tiempo de lectura":"1 minuto"},"schema":{"@context":"https:\/\/schema.org","@graph":[{"@type":"WebPage","@id":"http:\/\/webecpol.esade.edu\/es\/publicaciones\/el-nuevo-mercado-de-alquiler-nuevas-formulas-viejos-objetivos\/","url":"http:\/\/webecpol.esade.edu\/es\/publicaciones\/el-nuevo-mercado-de-alquiler-nuevas-formulas-viejos-objetivos\/","name":"El nuevo mercado de alquiler: nuevas f\u00f3rmulas, viejos objetivos - Center for Economic Policy - EsadeEcPol","isPartOf":{"@id":"http:\/\/webecpol.esade.edu\/es\/#website"},"primaryImageOfPage":{"@id":"http:\/\/webecpol.esade.edu\/es\/publicaciones\/el-nuevo-mercado-de-alquiler-nuevas-formulas-viejos-objetivos\/#primaryimage"},"image":{"@id":"http:\/\/webecpol.esade.edu\/es\/publicaciones\/el-nuevo-mercado-de-alquiler-nuevas-formulas-viejos-objetivos\/#primaryimage"},"thumbnailUrl":"http:\/\/webecpol.esade.edu\/wp-content\/uploads\/2025\/04\/Captura-de-pantalla-2025-04-10-a-las-9.17.07.png","datePublished":"2025-07-25T07:19:40+00:00","dateModified":"2025-10-04T05:37:01+00:00","breadcrumb":{"@id":"http:\/\/webecpol.esade.edu\/es\/publicaciones\/el-nuevo-mercado-de-alquiler-nuevas-formulas-viejos-objetivos\/#breadcrumb"},"inLanguage":"es","potentialAction":[{"@type":"ReadAction","target":["http:\/\/webecpol.esade.edu\/es\/publicaciones\/el-nuevo-mercado-de-alquiler-nuevas-formulas-viejos-objetivos\/"]}]},{"@type":"ImageObject","inLanguage":"es","@id":"http:\/\/webecpol.esade.edu\/es\/publicaciones\/el-nuevo-mercado-de-alquiler-nuevas-formulas-viejos-objetivos\/#primaryimage","url":"http:\/\/webecpol.esade.edu\/wp-content\/uploads\/2025\/04\/Captura-de-pantalla-2025-04-10-a-las-9.17.07.png","contentUrl":"http:\/\/webecpol.esade.edu\/wp-content\/uploads\/2025\/04\/Captura-de-pantalla-2025-04-10-a-las-9.17.07.png","width":1520,"height":938},{"@type":"BreadcrumbList","@id":"http:\/\/webecpol.esade.edu\/es\/publicaciones\/el-nuevo-mercado-de-alquiler-nuevas-formulas-viejos-objetivos\/#breadcrumb","itemListElement":[{"@type":"ListItem","position":1,"name":"Portada","item":"http:\/\/webecpol.esade.edu\/es\/"},{"@type":"ListItem","position":2,"name":"Publicaciones","item":"http:\/\/webecpol.esade.edu\/es\/publicaciones\/"},{"@type":"ListItem","position":3,"name":"El nuevo mercado de alquiler: nuevas f\u00f3rmulas, viejos objetivos"}]},{"@type":"WebSite","@id":"http:\/\/webecpol.esade.edu\/es\/#website","url":"http:\/\/webecpol.esade.edu\/es\/","name":"Center for Economic Policy - EsadeEcPol","description":"","potentialAction":[{"@type":"SearchAction","target":{"@type":"EntryPoint","urlTemplate":"http:\/\/webecpol.esade.edu\/es\/?s={search_term_string}"},"query-input":"required name=search_term_string"}],"inLanguage":"es"}]}},"_links":{"self":[{"href":"http:\/\/webecpol.esade.edu\/es\/wp-json\/wp\/v2\/publicaciones\/12145"}],"collection":[{"href":"http:\/\/webecpol.esade.edu\/es\/wp-json\/wp\/v2\/publicaciones"}],"about":[{"href":"http:\/\/webecpol.esade.edu\/es\/wp-json\/wp\/v2\/types\/publicaciones"}],"version-history":[{"count":1,"href":"http:\/\/webecpol.esade.edu\/es\/wp-json\/wp\/v2\/publicaciones\/12145\/revisions"}],"predecessor-version":[{"id":12155,"href":"http:\/\/webecpol.esade.edu\/es\/wp-json\/wp\/v2\/publicaciones\/12145\/revisions\/12155"}],"wp:featuredmedia":[{"embeddable":true,"href":"http:\/\/webecpol.esade.edu\/es\/wp-json\/wp\/v2\/media\/12146"}],"wp:attachment":[{"href":"http:\/\/webecpol.esade.edu\/es\/wp-json\/wp\/v2\/media?parent=12145"}],"curies":[{"name":"wp","href":"https:\/\/api.w.org\/{rel}","templated":true}]}}

El nuevo mercado de alquiler: nuevas fórmulas, viejos objetivos

<p>En este artículo publicado originalmente en el Informe Económico y Financiero que publicamos en marzo de 2025 con el apoyo del Banco Sabadell, el economista y profesor de Tecnocampus Josep Maria Raya analiza a fondo el mercado de alquiler y observa que:</p>
<ul>
<li>Se multiplican los alquileres de temporada y habitaciones, atrayendo oferta en detrimento del alquiler fijo.</li>
<li>La incertidumbre regulatoria y la percepción de inseguridad empujan a los propietarios a segmentos más rentables o menos inciertos/regulados.</li>
<li>El mercado se segmenta así cada vez más también en alquiler entre vacacional, temporada y larga duración.</li>
</ul>

<p>En este artículo publicado originalmente en el Informe Económico y Financiero que publicamos en marzo de 2025 con el apoyo del Banco Sabadell, el economista y profesor de Tecnocampus Josep Maria Raya analiza a fondo el mercado de alquiler y observa que: Se multiplican los alquileres de temporada y habitaciones, atrayendo oferta en detrimento del [&hellip;]</p>

<!-- This site is optimized with the Yoast SEO plugin v22.9 - https://yoast.com/wordpress/plugins/seo/ -->
<title>El nuevo mercado de alquiler: nuevas fórmulas, viejos objetivos - Center for Economic Policy - EsadeEcPol</title>
<meta name="robots" content="index, follow, max-snippet:-1, max-image-preview:large, max-video-preview:-1" />
<link rel="canonical" href="http://webecpol.esade.edu/es/publicaciones/el-nuevo-mercado-de-alquiler-nuevas-formulas-viejos-objetivos/" />
<meta property="og:locale" content="es_ES" />
<meta property="og:type" content="article" />
<meta property="og:title" content="El nuevo mercado de alquiler: nuevas fórmulas, viejos objetivos - Center for Economic Policy - EsadeEcPol" />
<meta property="og:description" content="En este artículo publicado originalmente en el Informe Económico y Financiero que publicamos en marzo de 2025 con el apoyo del Banco Sabadell, el economista y profesor de Tecnocampus Josep Maria Raya analiza a fondo el mercado de alquiler y observa que: Se multiplican los alquileres de temporada y habitaciones, atrayendo oferta en detrimento del [&hellip;]" />
<meta property="og:url" content="http://webecpol.esade.edu/es/publicaciones/el-nuevo-mercado-de-alquiler-nuevas-formulas-viejos-objetivos/" />
<meta property="og:site_name" content="Center for Economic Policy - EsadeEcPol" />
<meta property="article:modified_time" content="2025-10-04T05:37:01+00:00" />
<meta property="og:image" content="http://webecpol.esade.edu/wp-content/uploads/2025/04/Captura-de-pantalla-2025-04-10-a-las-9.17.07.png" />
	<meta property="og:image:width" content="1520" />
	<meta property="og:image:height" content="938" />
	<meta property="og:image:type" content="image/png" />
<meta name="twitter:card" content="summary_large_image" />
<meta name="twitter:site" content="@esadeecpol" />
<meta name="twitter:label1" content="Tiempo de lectura" />
	<meta name="twitter:data1" content="1 minuto" />
<script type="application/ld+json" class="yoast-schema-graph">{"@context":"https://schema.org","@graph":[{"@type":"WebPage","@id":"http://webecpol.esade.edu/es/publicaciones/el-nuevo-mercado-de-alquiler-nuevas-formulas-viejos-objetivos/","url":"http://webecpol.esade.edu/es/publicaciones/el-nuevo-mercado-de-alquiler-nuevas-formulas-viejos-objetivos/","name":"El nuevo mercado de alquiler: nuevas fórmulas, viejos objetivos - Center for Economic Policy - EsadeEcPol","isPartOf":{"@id":"http://webecpol.esade.edu/es/#website"},"primaryImageOfPage":{"@id":"http://webecpol.esade.edu/es/publicaciones/el-nuevo-mercado-de-alquiler-nuevas-formulas-viejos-objetivos/#primaryimage"},"image":{"@id":"http://webecpol.esade.edu/es/publicaciones/el-nuevo-mercado-de-alquiler-nuevas-formulas-viejos-objetivos/#primaryimage"},"thumbnailUrl":"http://webecpol.esade.edu/wp-content/uploads/2025/04/Captura-de-pantalla-2025-04-10-a-las-9.17.07.png","datePublished":"2025-07-25T07:19:40+00:00","dateModified":"2025-10-04T05:37:01+00:00","breadcrumb":{"@id":"http://webecpol.esade.edu/es/publicaciones/el-nuevo-mercado-de-alquiler-nuevas-formulas-viejos-objetivos/#breadcrumb"},"inLanguage":"es","potentialAction":[{"@type":"ReadAction","target":["http://webecpol.esade.edu/es/publicaciones/el-nuevo-mercado-de-alquiler-nuevas-formulas-viejos-objetivos/"]}]},{"@type":"ImageObject","inLanguage":"es","@id":"http://webecpol.esade.edu/es/publicaciones/el-nuevo-mercado-de-alquiler-nuevas-formulas-viejos-objetivos/#primaryimage","url":"http://webecpol.esade.edu/wp-content/uploads/2025/04/Captura-de-pantalla-2025-04-10-a-las-9.17.07.png","contentUrl":"http://webecpol.esade.edu/wp-content/uploads/2025/04/Captura-de-pantalla-2025-04-10-a-las-9.17.07.png","width":1520,"height":938},{"@type":"BreadcrumbList","@id":"http://webecpol.esade.edu/es/publicaciones/el-nuevo-mercado-de-alquiler-nuevas-formulas-viejos-objetivos/#breadcrumb","itemListElement":[{"@type":"ListItem","position":1,"name":"Portada","item":"http://webecpol.esade.edu/es/"},{"@type":"ListItem","position":2,"name":"Publicaciones","item":"http://webecpol.esade.edu/es/publicaciones/"},{"@type":"ListItem","position":3,"name":"El nuevo mercado de alquiler: nuevas fórmulas, viejos objetivos"}]},{"@type":"WebSite","@id":"http://webecpol.esade.edu/es/#website","url":"http://webecpol.esade.edu/es/","name":"Center for Economic Policy - EsadeEcPol","description":"","potentialAction":[{"@type":"SearchAction","target":{"@type":"EntryPoint","urlTemplate":"http://webecpol.esade.edu/es/?s={search_term_string}"},"query-input":"required name=search_term_string"}],"inLanguage":"es"}]}</script>
<!-- / Yoast SEO plugin. -->

El nuevo mercado de alquiler: nuevas fórmulas, viejos objetivos - Center for Economic Policy - EsadeEcPol

En este artículo publicado originalmente en el Informe Económico y Financiero que publicamos en marzo de 2025 con el apoyo del Banco Sabadell, el economista y profesor de Tecnocampus Josep Maria Raya analiza a fondo el mercado de alquiler y observa que: Se multiplican los alquileres de temporada y habitaciones, atrayendo oferta en detrimento del [&hellip;]
