{"id":11801,"date":"2024-11-21T00:01:23","date_gmt":"2024-11-20T23:01:23","guid":{"rendered":"http:\/\/webecpol.esade.edu\/publicaciones\/el-mercat-de-lloguer-a-espanya-lloguer-vacacional-de-temporada-i-a-llarg-termini-davant-la-regulacio\/"},"modified":"2024-11-21T12:32:17","modified_gmt":"2024-11-21T11:32:17","slug":"el-mercat-de-lloguer-a-espanya-lloguer-vacacional-de-temporada-i-a-llarg-termini-davant-la-regulacio","status":"publish","type":"publicaciones","link":"http:\/\/webecpol.esade.edu\/ca\/publicacions\/el-mercat-de-lloguer-a-espanya-lloguer-vacacional-de-temporada-i-a-llarg-termini-davant-la-regulacio\/","title":{"rendered":"El mercat de lloguer a Espanya: lloguer vacacional, de temporada i a llarg termini davant la regulaci\u00f3"},"content":{"rendered":"<p>\u2192 El lloguer de temporada ha crescut a Barcelona del 2,1% del total d\u2019anuncis el 2019 al 14,4% el 2023: el seu pes relatiu s\u2019ha multiplicat per set.<\/p>\n<p>\u2192 A Madrid tamb\u00e9 ha augmentat de manera exponencial, encara que amb menys intensitat: del 4% al 10% (x3,5).<\/p>\n<p>\u2192 Paral\u00b7lelament, el pes de les ofertes de lloguer a llarg termini sobre el total dels anuncis ha baixat a ambdues ciutats fins al 84%, per\u00f2 a Barcelona ho ha fet de manera relativament m\u00e9s pronunciada (perdent 13 punts percentuals, davant dels 9,5 de Madrid).<\/p>\n<p>\u2192 A l\u2019evoluci\u00f3 de Barcelona s\u2019intueixen moments amb un creixement m\u00e9s pronunciat, que alhora coincideixen amb l\u2019anunci i entrada en vigor de la Llei 11\/2020 de control de lloguers a Catalunya, i amb l\u2019anunci de la Llei d\u2019Habitatge (que portava un altre possible control) i el r\u00e0pid inter\u00e8s de Catalunya a adherir-se a la mateixa.<\/p>\n<p>De manera complement\u00e0ria, observem que l\u2019oferta de lloguer d\u2019habitacions separades dins d\u2019un habitatge a la plataforma Idealista \u00e9s similar en termes absoluts a Madrid i a Barcelona, per\u00f2 en termes relatius \u00e9s m\u00e9s freq\u00fcent i intensa a Barcelona, i especialment als barris de menor renda d\u2019ambdues ciutats. En aquests, l\u2019oferta d\u2019habitatge de lloguer a llarg termini, la que hauria de cobrir les necessitats d\u2019habitabilitat, apareix com especialment escassa en comparaci\u00f3.<\/p>\n<p>Tot plegat suggereix la necessitat de considerar amb deteniment els possibles efectes que qualsevol regulaci\u00f3 addicional pugui tenir en despla\u00e7ar oferta d\u2019allotjament cap a altres formes de lloguer o venda, assegurant que les regulacions que es posin en marxa estiguin ben calibrades i funcionin per complir l\u2019objectiu de millorar l\u2019acc\u00e9s a un habitatge estable.<\/p>\n","protected":false},"excerpt":{"rendered":"<p>\u2192 El lloguer de temporada ha crescut a Barcelona del 2,1% del total d\u2019anuncis el 2019 al 14,4% el 2023: el seu pes relatiu s\u2019ha multiplicat per set. \u2192 A Madrid tamb\u00e9 ha augmentat de manera exponencial, encara que amb menys intensitat: del 4% al 10% (x3,5). \u2192 Paral\u00b7lelament, el pes de les ofertes de [&hellip;]<\/p>\n","protected":false},"featured_media":11810,"template":"","yoast_head":"<!-- This site is optimized with the Yoast SEO plugin v22.9 - https:\/\/yoast.com\/wordpress\/plugins\/seo\/ -->\n<title>El mercat de lloguer a Espanya: lloguer vacacional, de temporada i a llarg termini davant la regulaci\u00f3 - Center for Economic Policy - EsadeEcPol<\/title>\n<meta name=\"robots\" content=\"index, follow, max-snippet:-1, max-image-preview:large, max-video-preview:-1\" \/>\n<link rel=\"canonical\" href=\"http:\/\/webecpol.esade.edu\/ca\/publicacions\/el-mercat-de-lloguer-a-espanya-lloguer-vacacional-de-temporada-i-a-llarg-termini-davant-la-regulacio\/\" \/>\n<meta property=\"og:locale\" content=\"ca_ES\" \/>\n<meta property=\"og:type\" content=\"article\" \/>\n<meta property=\"og:title\" content=\"El mercat de lloguer a Espanya: lloguer vacacional, de temporada i a llarg termini davant la regulaci\u00f3 - Center for Economic Policy - EsadeEcPol\" \/>\n<meta property=\"og:description\" content=\"\u2192 El lloguer de temporada ha crescut a Barcelona del 2,1% del total d\u2019anuncis el 2019 al 14,4% el 2023: el seu pes relatiu s\u2019ha multiplicat per set. \u2192 A Madrid tamb\u00e9 ha augmentat de manera exponencial, encara que amb menys intensitat: del 4% al 10% (x3,5). \u2192 Paral\u00b7lelament, el pes de les ofertes de [&hellip;]\" \/>\n<meta property=\"og:url\" content=\"http:\/\/webecpol.esade.edu\/ca\/publicacions\/el-mercat-de-lloguer-a-espanya-lloguer-vacacional-de-temporada-i-a-llarg-termini-davant-la-regulacio\/\" \/>\n<meta property=\"og:site_name\" content=\"Center for Economic Policy - EsadeEcPol\" \/>\n<meta property=\"article:modified_time\" content=\"2024-11-21T11:32:17+00:00\" \/>\n<meta property=\"og:image\" content=\"http:\/\/webecpol.esade.edu\/wp-content\/uploads\/2024\/11\/gr9_porcentaje_ofertas_barcelona.png\" \/>\n\t<meta property=\"og:image:width\" content=\"1732\" \/>\n\t<meta property=\"og:image:height\" content=\"1102\" \/>\n\t<meta property=\"og:image:type\" content=\"image\/png\" \/>\n<meta name=\"twitter:card\" content=\"summary_large_image\" \/>\n<meta name=\"twitter:site\" content=\"@esadeecpol\" \/>\n<meta name=\"twitter:label1\" content=\"Temps estimat de lectura\" \/>\n\t<meta name=\"twitter:data1\" content=\"2 minuts\" \/>\n<script type=\"application\/ld+json\" class=\"yoast-schema-graph\">{\"@context\":\"https:\/\/schema.org\",\"@graph\":[{\"@type\":\"WebPage\",\"@id\":\"http:\/\/webecpol.esade.edu\/ca\/publicacions\/el-mercat-de-lloguer-a-espanya-lloguer-vacacional-de-temporada-i-a-llarg-termini-davant-la-regulacio\/\",\"url\":\"http:\/\/webecpol.esade.edu\/ca\/publicacions\/el-mercat-de-lloguer-a-espanya-lloguer-vacacional-de-temporada-i-a-llarg-termini-davant-la-regulacio\/\",\"name\":\"El mercat de lloguer a Espanya: lloguer vacacional, de temporada i a llarg termini davant la regulaci\u00f3 - Center for Economic Policy - EsadeEcPol\",\"isPartOf\":{\"@id\":\"http:\/\/webecpol.esade.edu\/es\/#website\"},\"primaryImageOfPage\":{\"@id\":\"http:\/\/webecpol.esade.edu\/ca\/publicacions\/el-mercat-de-lloguer-a-espanya-lloguer-vacacional-de-temporada-i-a-llarg-termini-davant-la-regulacio\/#primaryimage\"},\"image\":{\"@id\":\"http:\/\/webecpol.esade.edu\/ca\/publicacions\/el-mercat-de-lloguer-a-espanya-lloguer-vacacional-de-temporada-i-a-llarg-termini-davant-la-regulacio\/#primaryimage\"},\"thumbnailUrl\":\"http:\/\/webecpol.esade.edu\/wp-content\/uploads\/2024\/11\/gr9_porcentaje_ofertas_barcelona.png\",\"datePublished\":\"2024-11-20T23:01:23+00:00\",\"dateModified\":\"2024-11-21T11:32:17+00:00\",\"breadcrumb\":{\"@id\":\"http:\/\/webecpol.esade.edu\/ca\/publicacions\/el-mercat-de-lloguer-a-espanya-lloguer-vacacional-de-temporada-i-a-llarg-termini-davant-la-regulacio\/#breadcrumb\"},\"inLanguage\":\"ca\",\"potentialAction\":[{\"@type\":\"ReadAction\",\"target\":[\"http:\/\/webecpol.esade.edu\/ca\/publicacions\/el-mercat-de-lloguer-a-espanya-lloguer-vacacional-de-temporada-i-a-llarg-termini-davant-la-regulacio\/\"]}]},{\"@type\":\"ImageObject\",\"inLanguage\":\"ca\",\"@id\":\"http:\/\/webecpol.esade.edu\/ca\/publicacions\/el-mercat-de-lloguer-a-espanya-lloguer-vacacional-de-temporada-i-a-llarg-termini-davant-la-regulacio\/#primaryimage\",\"url\":\"http:\/\/webecpol.esade.edu\/wp-content\/uploads\/2024\/11\/gr9_porcentaje_ofertas_barcelona.png\",\"contentUrl\":\"http:\/\/webecpol.esade.edu\/wp-content\/uploads\/2024\/11\/gr9_porcentaje_ofertas_barcelona.png\",\"width\":1732,\"height\":1102},{\"@type\":\"BreadcrumbList\",\"@id\":\"http:\/\/webecpol.esade.edu\/ca\/publicacions\/el-mercat-de-lloguer-a-espanya-lloguer-vacacional-de-temporada-i-a-llarg-termini-davant-la-regulacio\/#breadcrumb\",\"itemListElement\":[{\"@type\":\"ListItem\",\"position\":1,\"name\":\"Portada\",\"item\":\"http:\/\/webecpol.esade.edu\/ca\/\"},{\"@type\":\"ListItem\",\"position\":2,\"name\":\"Publicaciones\",\"item\":\"http:\/\/webecpol.esade.edu\/es\/publicaciones\/\"},{\"@type\":\"ListItem\",\"position\":3,\"name\":\"El mercat de lloguer a Espanya: lloguer vacacional, de temporada i a llarg termini davant la regulaci\u00f3\"}]},{\"@type\":\"WebSite\",\"@id\":\"http:\/\/webecpol.esade.edu\/es\/#website\",\"url\":\"http:\/\/webecpol.esade.edu\/es\/\",\"name\":\"Center for Economic Policy - EsadeEcPol\",\"description\":\"\",\"potentialAction\":[{\"@type\":\"SearchAction\",\"target\":{\"@type\":\"EntryPoint\",\"urlTemplate\":\"http:\/\/webecpol.esade.edu\/es\/?s={search_term_string}\"},\"query-input\":\"required name=search_term_string\"}],\"inLanguage\":\"ca\"}]}<\/script>\n<!-- \/ Yoast SEO plugin. -->","yoast_head_json":{"title":"El mercat de lloguer a Espanya: lloguer vacacional, de temporada i a llarg termini davant la regulaci\u00f3 - Center for Economic Policy - EsadeEcPol","robots":{"index":"index","follow":"follow","max-snippet":"max-snippet:-1","max-image-preview":"max-image-preview:large","max-video-preview":"max-video-preview:-1"},"canonical":"http:\/\/webecpol.esade.edu\/ca\/publicacions\/el-mercat-de-lloguer-a-espanya-lloguer-vacacional-de-temporada-i-a-llarg-termini-davant-la-regulacio\/","og_locale":"ca_ES","og_type":"article","og_title":"El mercat de lloguer a Espanya: lloguer vacacional, de temporada i a llarg termini davant la regulaci\u00f3 - Center for Economic Policy - EsadeEcPol","og_description":"\u2192 El lloguer de temporada ha crescut a Barcelona del 2,1% del total d\u2019anuncis el 2019 al 14,4% el 2023: el seu pes relatiu s\u2019ha multiplicat per set. \u2192 A Madrid tamb\u00e9 ha augmentat de manera exponencial, encara que amb menys intensitat: del 4% al 10% (x3,5). \u2192 Paral\u00b7lelament, el pes de les ofertes de [&hellip;]","og_url":"http:\/\/webecpol.esade.edu\/ca\/publicacions\/el-mercat-de-lloguer-a-espanya-lloguer-vacacional-de-temporada-i-a-llarg-termini-davant-la-regulacio\/","og_site_name":"Center for Economic Policy - EsadeEcPol","article_modified_time":"2024-11-21T11:32:17+00:00","og_image":[{"width":1732,"height":1102,"url":"http:\/\/webecpol.esade.edu\/wp-content\/uploads\/2024\/11\/gr9_porcentaje_ofertas_barcelona.png","type":"image\/png"}],"twitter_card":"summary_large_image","twitter_site":"@esadeecpol","twitter_misc":{"Temps estimat de lectura":"2 minuts"},"schema":{"@context":"https:\/\/schema.org","@graph":[{"@type":"WebPage","@id":"http:\/\/webecpol.esade.edu\/ca\/publicacions\/el-mercat-de-lloguer-a-espanya-lloguer-vacacional-de-temporada-i-a-llarg-termini-davant-la-regulacio\/","url":"http:\/\/webecpol.esade.edu\/ca\/publicacions\/el-mercat-de-lloguer-a-espanya-lloguer-vacacional-de-temporada-i-a-llarg-termini-davant-la-regulacio\/","name":"El mercat de lloguer a Espanya: lloguer vacacional, de temporada i a llarg termini davant la regulaci\u00f3 - Center for Economic Policy - EsadeEcPol","isPartOf":{"@id":"http:\/\/webecpol.esade.edu\/es\/#website"},"primaryImageOfPage":{"@id":"http:\/\/webecpol.esade.edu\/ca\/publicacions\/el-mercat-de-lloguer-a-espanya-lloguer-vacacional-de-temporada-i-a-llarg-termini-davant-la-regulacio\/#primaryimage"},"image":{"@id":"http:\/\/webecpol.esade.edu\/ca\/publicacions\/el-mercat-de-lloguer-a-espanya-lloguer-vacacional-de-temporada-i-a-llarg-termini-davant-la-regulacio\/#primaryimage"},"thumbnailUrl":"http:\/\/webecpol.esade.edu\/wp-content\/uploads\/2024\/11\/gr9_porcentaje_ofertas_barcelona.png","datePublished":"2024-11-20T23:01:23+00:00","dateModified":"2024-11-21T11:32:17+00:00","breadcrumb":{"@id":"http:\/\/webecpol.esade.edu\/ca\/publicacions\/el-mercat-de-lloguer-a-espanya-lloguer-vacacional-de-temporada-i-a-llarg-termini-davant-la-regulacio\/#breadcrumb"},"inLanguage":"ca","potentialAction":[{"@type":"ReadAction","target":["http:\/\/webecpol.esade.edu\/ca\/publicacions\/el-mercat-de-lloguer-a-espanya-lloguer-vacacional-de-temporada-i-a-llarg-termini-davant-la-regulacio\/"]}]},{"@type":"ImageObject","inLanguage":"ca","@id":"http:\/\/webecpol.esade.edu\/ca\/publicacions\/el-mercat-de-lloguer-a-espanya-lloguer-vacacional-de-temporada-i-a-llarg-termini-davant-la-regulacio\/#primaryimage","url":"http:\/\/webecpol.esade.edu\/wp-content\/uploads\/2024\/11\/gr9_porcentaje_ofertas_barcelona.png","contentUrl":"http:\/\/webecpol.esade.edu\/wp-content\/uploads\/2024\/11\/gr9_porcentaje_ofertas_barcelona.png","width":1732,"height":1102},{"@type":"BreadcrumbList","@id":"http:\/\/webecpol.esade.edu\/ca\/publicacions\/el-mercat-de-lloguer-a-espanya-lloguer-vacacional-de-temporada-i-a-llarg-termini-davant-la-regulacio\/#breadcrumb","itemListElement":[{"@type":"ListItem","position":1,"name":"Portada","item":"http:\/\/webecpol.esade.edu\/ca\/"},{"@type":"ListItem","position":2,"name":"Publicaciones","item":"http:\/\/webecpol.esade.edu\/es\/publicaciones\/"},{"@type":"ListItem","position":3,"name":"El mercat de lloguer a Espanya: lloguer vacacional, de temporada i a llarg termini davant la regulaci\u00f3"}]},{"@type":"WebSite","@id":"http:\/\/webecpol.esade.edu\/es\/#website","url":"http:\/\/webecpol.esade.edu\/es\/","name":"Center for Economic Policy - EsadeEcPol","description":"","potentialAction":[{"@type":"SearchAction","target":{"@type":"EntryPoint","urlTemplate":"http:\/\/webecpol.esade.edu\/es\/?s={search_term_string}"},"query-input":"required name=search_term_string"}],"inLanguage":"ca"}]}},"_links":{"self":[{"href":"http:\/\/webecpol.esade.edu\/ca\/wp-json\/wp\/v2\/publicaciones\/11801"}],"collection":[{"href":"http:\/\/webecpol.esade.edu\/ca\/wp-json\/wp\/v2\/publicaciones"}],"about":[{"href":"http:\/\/webecpol.esade.edu\/ca\/wp-json\/wp\/v2\/types\/publicaciones"}],"version-history":[{"count":3,"href":"http:\/\/webecpol.esade.edu\/ca\/wp-json\/wp\/v2\/publicaciones\/11801\/revisions"}],"predecessor-version":[{"id":11808,"href":"http:\/\/webecpol.esade.edu\/ca\/wp-json\/wp\/v2\/publicaciones\/11801\/revisions\/11808"}],"wp:featuredmedia":[{"embeddable":true,"href":"http:\/\/webecpol.esade.edu\/ca\/wp-json\/wp\/v2\/media\/11810"}],"wp:attachment":[{"href":"http:\/\/webecpol.esade.edu\/ca\/wp-json\/wp\/v2\/media?parent=11801"}],"curies":[{"name":"wp","href":"https:\/\/api.w.org\/{rel}","templated":true}]}}

El mercat de lloguer a Espanya: lloguer vacacional, de temporada i a llarg termini davant la regulació

<p>→ El lloguer de temporada ha crescut a Barcelona del 2,1% del total d’anuncis el 2019 al 14,4% el 2023: el seu pes relatiu s’ha multiplicat per set.</p>
<p>→ A Madrid també ha augmentat de manera exponencial, encara que amb menys intensitat: del 4% al 10% (x3,5).</p>
<p>→ Paral·lelament, el pes de les ofertes de lloguer a llarg termini sobre el total dels anuncis ha baixat a ambdues ciutats fins al 84%, però a Barcelona ho ha fet de manera relativament més pronunciada (perdent 13 punts percentuals, davant dels 9,5 de Madrid).</p>
<p>→ A l’evolució de Barcelona s’intueixen moments amb un creixement més pronunciat, que alhora coincideixen amb l’anunci i entrada en vigor de la Llei 11/2020 de control de lloguers a Catalunya, i amb l’anunci de la Llei d’Habitatge (que portava un altre possible control) i el ràpid interès de Catalunya a adherir-se a la mateixa.</p>
<p>De manera complementària, observem que l’oferta de lloguer d’habitacions separades dins d’un habitatge a la plataforma Idealista és similar en termes absoluts a Madrid i a Barcelona, però en termes relatius és més freqüent i intensa a Barcelona, i especialment als barris de menor renda d’ambdues ciutats. En aquests, l’oferta d’habitatge de lloguer a llarg termini, la que hauria de cobrir les necessitats d’habitabilitat, apareix com especialment escassa en comparació.</p>
<p>Tot plegat suggereix la necessitat de considerar amb deteniment els possibles efectes que qualsevol regulació addicional pugui tenir en desplaçar oferta d’allotjament cap a altres formes de lloguer o venda, assegurant que les regulacions que es posin en marxa estiguin ben calibrades i funcionin per complir l’objectiu de millorar l’accés a un habitatge estable.</p>

<p>→ El lloguer de temporada ha crescut a Barcelona del 2,1% del total d’anuncis el 2019 al 14,4% el 2023: el seu pes relatiu s’ha multiplicat per set. → A Madrid també ha augmentat de manera exponencial, encara que amb menys intensitat: del 4% al 10% (x3,5). → Paral·lelament, el pes de les ofertes de [&hellip;]</p>

<!-- This site is optimized with the Yoast SEO plugin v22.9 - https://yoast.com/wordpress/plugins/seo/ -->
<title>El mercat de lloguer a Espanya: lloguer vacacional, de temporada i a llarg termini davant la regulació - Center for Economic Policy - EsadeEcPol</title>
<meta name="robots" content="index, follow, max-snippet:-1, max-image-preview:large, max-video-preview:-1" />
<link rel="canonical" href="http://webecpol.esade.edu/ca/publicacions/el-mercat-de-lloguer-a-espanya-lloguer-vacacional-de-temporada-i-a-llarg-termini-davant-la-regulacio/" />
<meta property="og:locale" content="ca_ES" />
<meta property="og:type" content="article" />
<meta property="og:title" content="El mercat de lloguer a Espanya: lloguer vacacional, de temporada i a llarg termini davant la regulació - Center for Economic Policy - EsadeEcPol" />
<meta property="og:description" content="→ El lloguer de temporada ha crescut a Barcelona del 2,1% del total d’anuncis el 2019 al 14,4% el 2023: el seu pes relatiu s’ha multiplicat per set. → A Madrid també ha augmentat de manera exponencial, encara que amb menys intensitat: del 4% al 10% (x3,5). → Paral·lelament, el pes de les ofertes de [&hellip;]" />
<meta property="og:url" content="http://webecpol.esade.edu/ca/publicacions/el-mercat-de-lloguer-a-espanya-lloguer-vacacional-de-temporada-i-a-llarg-termini-davant-la-regulacio/" />
<meta property="og:site_name" content="Center for Economic Policy - EsadeEcPol" />
<meta property="article:modified_time" content="2024-11-21T11:32:17+00:00" />
<meta property="og:image" content="http://webecpol.esade.edu/wp-content/uploads/2024/11/gr9_porcentaje_ofertas_barcelona.png" />
	<meta property="og:image:width" content="1732" />
	<meta property="og:image:height" content="1102" />
	<meta property="og:image:type" content="image/png" />
<meta name="twitter:card" content="summary_large_image" />
<meta name="twitter:site" content="@esadeecpol" />
<meta name="twitter:label1" content="Temps estimat de lectura" />
	<meta name="twitter:data1" content="2 minuts" />
<script type="application/ld+json" class="yoast-schema-graph">{"@context":"https://schema.org","@graph":[{"@type":"WebPage","@id":"http://webecpol.esade.edu/ca/publicacions/el-mercat-de-lloguer-a-espanya-lloguer-vacacional-de-temporada-i-a-llarg-termini-davant-la-regulacio/","url":"http://webecpol.esade.edu/ca/publicacions/el-mercat-de-lloguer-a-espanya-lloguer-vacacional-de-temporada-i-a-llarg-termini-davant-la-regulacio/","name":"El mercat de lloguer a Espanya: lloguer vacacional, de temporada i a llarg termini davant la regulació - Center for Economic Policy - EsadeEcPol","isPartOf":{"@id":"http://webecpol.esade.edu/es/#website"},"primaryImageOfPage":{"@id":"http://webecpol.esade.edu/ca/publicacions/el-mercat-de-lloguer-a-espanya-lloguer-vacacional-de-temporada-i-a-llarg-termini-davant-la-regulacio/#primaryimage"},"image":{"@id":"http://webecpol.esade.edu/ca/publicacions/el-mercat-de-lloguer-a-espanya-lloguer-vacacional-de-temporada-i-a-llarg-termini-davant-la-regulacio/#primaryimage"},"thumbnailUrl":"http://webecpol.esade.edu/wp-content/uploads/2024/11/gr9_porcentaje_ofertas_barcelona.png","datePublished":"2024-11-20T23:01:23+00:00","dateModified":"2024-11-21T11:32:17+00:00","breadcrumb":{"@id":"http://webecpol.esade.edu/ca/publicacions/el-mercat-de-lloguer-a-espanya-lloguer-vacacional-de-temporada-i-a-llarg-termini-davant-la-regulacio/#breadcrumb"},"inLanguage":"ca","potentialAction":[{"@type":"ReadAction","target":["http://webecpol.esade.edu/ca/publicacions/el-mercat-de-lloguer-a-espanya-lloguer-vacacional-de-temporada-i-a-llarg-termini-davant-la-regulacio/"]}]},{"@type":"ImageObject","inLanguage":"ca","@id":"http://webecpol.esade.edu/ca/publicacions/el-mercat-de-lloguer-a-espanya-lloguer-vacacional-de-temporada-i-a-llarg-termini-davant-la-regulacio/#primaryimage","url":"http://webecpol.esade.edu/wp-content/uploads/2024/11/gr9_porcentaje_ofertas_barcelona.png","contentUrl":"http://webecpol.esade.edu/wp-content/uploads/2024/11/gr9_porcentaje_ofertas_barcelona.png","width":1732,"height":1102},{"@type":"BreadcrumbList","@id":"http://webecpol.esade.edu/ca/publicacions/el-mercat-de-lloguer-a-espanya-lloguer-vacacional-de-temporada-i-a-llarg-termini-davant-la-regulacio/#breadcrumb","itemListElement":[{"@type":"ListItem","position":1,"name":"Portada","item":"http://webecpol.esade.edu/ca/"},{"@type":"ListItem","position":2,"name":"Publicaciones","item":"http://webecpol.esade.edu/es/publicaciones/"},{"@type":"ListItem","position":3,"name":"El mercat de lloguer a Espanya: lloguer vacacional, de temporada i a llarg termini davant la regulació"}]},{"@type":"WebSite","@id":"http://webecpol.esade.edu/es/#website","url":"http://webecpol.esade.edu/es/","name":"Center for Economic Policy - EsadeEcPol","description":"","potentialAction":[{"@type":"SearchAction","target":{"@type":"EntryPoint","urlTemplate":"http://webecpol.esade.edu/es/?s={search_term_string}"},"query-input":"required name=search_term_string"}],"inLanguage":"ca"}]}</script>
<!-- / Yoast SEO plugin. -->

El mercat de lloguer a Espanya: lloguer vacacional, de temporada i a llarg termini davant la regulació - Center for Economic Policy - EsadeEcPol

→ El lloguer de temporada ha crescut a Barcelona del 2,1% del total d’anuncis el 2019 al 14,4% el 2023: el seu pes relatiu s’ha multiplicat per set. → A Madrid també ha augmentat de manera exponencial, encara que amb menys intensitat: del 4% al 10% (x3,5). → Paral·lelament, el pes de les ofertes de [&hellip;]
