{"id":1001,"date":"2020-04-14T18:09:16","date_gmt":"2020-04-14T16:09:16","guid":{"rendered":"http:\/\/webecpol.esade.edu\/?post_type=publicaciones&#038;p=1001"},"modified":"2020-11-23T14:52:11","modified_gmt":"2020-11-23T13:52:11","slug":"inseguretat-laboral-covid","status":"publish","type":"publicaciones","link":"http:\/\/webecpol.esade.edu\/ca\/publicacions\/inseguretat-laboral-covid\/","title":{"rendered":"P\u00e8rdua d&#8217;ocupaci\u00f3 i inseguretat laboral durant la covid-19: possibles efectes en l&#8217;educaci\u00f3 dels fills"},"content":{"rendered":"<h2>EsadeEcPol Insight #7<\/h2>\n<h4 class=\"t-title3\">Resum executiu<\/h4>\n<p>La desocupaci\u00f3 que estan patint molts pares i mares per la crisi de la covid-19, i fins i tot la por a perdre la feina, tenen conseq\u00fc\u00e8ncies negatives addicionals: p\u00e8rdues salarials persistents a llarg termini, m\u00e9s risc de divorci i, fins i tot, deteriorament de la salut f\u00edsica i mental. Totes aquestes conseq\u00fc\u00e8ncies negatives poden repercutir en la qualitat educativa dels infants i adolescents.<\/p>\n<p>Diversos treballs han demostrat una relaci\u00f3 de causalitat entre la p\u00e8rdua de treball o la inseguretat laboral dels pares (no aix\u00ed de les mares) i el rendiment escolar dels seus fills: una reducci\u00f3 de la nota mitjana, un augment de la probabilitat de repetir curs o abandonar els estudis i una menor probabilitat d&#8217;anar a la universitat. L&#8217;efecte \u00e9s m\u00e9s gran quan els pares tenen menys nivell educatiu i pateixen llargs per\u00edodes d&#8217;atur.<\/p>\n","protected":false},"excerpt":{"rendered":"<p>La desocupaci\u00f3 que estan patint molts pares i mares per la crisi de la covid-19 t\u00e9 conseq\u00fc\u00e8ncies negatives addicionals.<\/p>\n","protected":false},"featured_media":1775,"template":"","yoast_head":"<!-- This site is optimized with the Yoast SEO plugin v22.9 - https:\/\/yoast.com\/wordpress\/plugins\/seo\/ -->\n<title>P\u00e8rdua d&#039;ocupaci\u00f3 i inseguretat laboral durant la covid-19: possibles efectes en l&#039;educaci\u00f3 dels fills - Center for Economic Policy - EsadeEcPol<\/title>\n<meta name=\"description\" content=\"La desocupaci\u00f3 que estan patint molts pares i mares per la crisi de la covid-19, i fins i tot la por a perdre la feina, tenen conseq\u00fc\u00e8ncies negatives addicionals.\" \/>\n<meta name=\"robots\" content=\"index, follow, max-snippet:-1, max-image-preview:large, max-video-preview:-1\" \/>\n<link rel=\"canonical\" href=\"http:\/\/webecpol.esade.edu\/ca\/publicacions\/inseguretat-laboral-covid\/\" \/>\n<meta property=\"og:locale\" content=\"ca_ES\" \/>\n<meta property=\"og:type\" content=\"article\" \/>\n<meta property=\"og:title\" content=\"P\u00e8rdua d&#039;ocupaci\u00f3 i inseguretat laboral durant la covid-19: possibles efectes en l&#039;educaci\u00f3 dels fills - Center for Economic Policy - EsadeEcPol\" \/>\n<meta property=\"og:description\" content=\"La desocupaci\u00f3 que estan patint molts pares i mares per la crisi de la covid-19, i fins i tot la por a perdre la feina, tenen conseq\u00fc\u00e8ncies negatives addicionals.\" \/>\n<meta property=\"og:url\" content=\"http:\/\/webecpol.esade.edu\/ca\/publicacions\/inseguretat-laboral-covid\/\" \/>\n<meta property=\"og:site_name\" content=\"Center for Economic Policy - EsadeEcPol\" \/>\n<meta property=\"article:modified_time\" content=\"2020-11-23T13:52:11+00:00\" \/>\n<meta property=\"og:image\" content=\"http:\/\/webecpol.esade.edu\/wp-content\/uploads\/2020\/04\/covid-19-educacion-insight-1.jpg\" \/>\n\t<meta property=\"og:image:width\" content=\"1920\" \/>\n\t<meta property=\"og:image:height\" content=\"812\" \/>\n\t<meta property=\"og:image:type\" content=\"image\/jpeg\" \/>\n<meta name=\"twitter:card\" content=\"summary_large_image\" \/>\n<meta name=\"twitter:site\" content=\"@esadeecpol\" \/>\n<meta name=\"twitter:label1\" content=\"Temps estimat de lectura\" \/>\n\t<meta name=\"twitter:data1\" content=\"1 minut\" \/>\n<script type=\"application\/ld+json\" class=\"yoast-schema-graph\">{\"@context\":\"https:\/\/schema.org\",\"@graph\":[{\"@type\":\"WebPage\",\"@id\":\"http:\/\/webecpol.esade.edu\/ca\/publicacions\/inseguretat-laboral-covid\/\",\"url\":\"http:\/\/webecpol.esade.edu\/ca\/publicacions\/inseguretat-laboral-covid\/\",\"name\":\"P\u00e8rdua d'ocupaci\u00f3 i inseguretat laboral durant la covid-19: possibles efectes en l'educaci\u00f3 dels fills - Center for Economic Policy - EsadeEcPol\",\"isPartOf\":{\"@id\":\"http:\/\/webecpol.esade.edu\/es\/#website\"},\"primaryImageOfPage\":{\"@id\":\"http:\/\/webecpol.esade.edu\/ca\/publicacions\/inseguretat-laboral-covid\/#primaryimage\"},\"image\":{\"@id\":\"http:\/\/webecpol.esade.edu\/ca\/publicacions\/inseguretat-laboral-covid\/#primaryimage\"},\"thumbnailUrl\":\"http:\/\/webecpol.esade.edu\/wp-content\/uploads\/2020\/04\/covid-19-educacion-insight-1.jpg\",\"datePublished\":\"2020-04-14T16:09:16+00:00\",\"dateModified\":\"2020-11-23T13:52:11+00:00\",\"description\":\"La desocupaci\u00f3 que estan patint molts pares i mares per la crisi de la covid-19, i fins i tot la por a perdre la feina, tenen conseq\u00fc\u00e8ncies negatives addicionals.\",\"breadcrumb\":{\"@id\":\"http:\/\/webecpol.esade.edu\/ca\/publicacions\/inseguretat-laboral-covid\/#breadcrumb\"},\"inLanguage\":\"ca\",\"potentialAction\":[{\"@type\":\"ReadAction\",\"target\":[\"http:\/\/webecpol.esade.edu\/ca\/publicacions\/inseguretat-laboral-covid\/\"]}]},{\"@type\":\"ImageObject\",\"inLanguage\":\"ca\",\"@id\":\"http:\/\/webecpol.esade.edu\/ca\/publicacions\/inseguretat-laboral-covid\/#primaryimage\",\"url\":\"http:\/\/webecpol.esade.edu\/wp-content\/uploads\/2020\/04\/covid-19-educacion-insight-1.jpg\",\"contentUrl\":\"http:\/\/webecpol.esade.edu\/wp-content\/uploads\/2020\/04\/covid-19-educacion-insight-1.jpg\",\"width\":1920,\"height\":812},{\"@type\":\"BreadcrumbList\",\"@id\":\"http:\/\/webecpol.esade.edu\/ca\/publicacions\/inseguretat-laboral-covid\/#breadcrumb\",\"itemListElement\":[{\"@type\":\"ListItem\",\"position\":1,\"name\":\"Portada\",\"item\":\"http:\/\/webecpol.esade.edu\/ca\/\"},{\"@type\":\"ListItem\",\"position\":2,\"name\":\"Publicaciones\",\"item\":\"http:\/\/webecpol.esade.edu\/es\/publicaciones\/\"},{\"@type\":\"ListItem\",\"position\":3,\"name\":\"P\u00e8rdua d&#8217;ocupaci\u00f3 i inseguretat laboral durant la covid-19: possibles efectes en l&#8217;educaci\u00f3 dels fills\"}]},{\"@type\":\"WebSite\",\"@id\":\"http:\/\/webecpol.esade.edu\/es\/#website\",\"url\":\"http:\/\/webecpol.esade.edu\/es\/\",\"name\":\"Center for Economic Policy - EsadeEcPol\",\"description\":\"\",\"potentialAction\":[{\"@type\":\"SearchAction\",\"target\":{\"@type\":\"EntryPoint\",\"urlTemplate\":\"http:\/\/webecpol.esade.edu\/es\/?s={search_term_string}\"},\"query-input\":\"required name=search_term_string\"}],\"inLanguage\":\"ca\"}]}<\/script>\n<!-- \/ Yoast SEO plugin. -->","yoast_head_json":{"title":"P\u00e8rdua d'ocupaci\u00f3 i inseguretat laboral durant la covid-19: possibles efectes en l'educaci\u00f3 dels fills - Center for Economic Policy - EsadeEcPol","description":"La desocupaci\u00f3 que estan patint molts pares i mares per la crisi de la covid-19, i fins i tot la por a perdre la feina, tenen conseq\u00fc\u00e8ncies negatives addicionals.","robots":{"index":"index","follow":"follow","max-snippet":"max-snippet:-1","max-image-preview":"max-image-preview:large","max-video-preview":"max-video-preview:-1"},"canonical":"http:\/\/webecpol.esade.edu\/ca\/publicacions\/inseguretat-laboral-covid\/","og_locale":"ca_ES","og_type":"article","og_title":"P\u00e8rdua d'ocupaci\u00f3 i inseguretat laboral durant la covid-19: possibles efectes en l'educaci\u00f3 dels fills - Center for Economic Policy - EsadeEcPol","og_description":"La desocupaci\u00f3 que estan patint molts pares i mares per la crisi de la covid-19, i fins i tot la por a perdre la feina, tenen conseq\u00fc\u00e8ncies negatives addicionals.","og_url":"http:\/\/webecpol.esade.edu\/ca\/publicacions\/inseguretat-laboral-covid\/","og_site_name":"Center for Economic Policy - EsadeEcPol","article_modified_time":"2020-11-23T13:52:11+00:00","og_image":[{"width":1920,"height":812,"url":"http:\/\/webecpol.esade.edu\/wp-content\/uploads\/2020\/04\/covid-19-educacion-insight-1.jpg","type":"image\/jpeg"}],"twitter_card":"summary_large_image","twitter_site":"@esadeecpol","twitter_misc":{"Temps estimat de lectura":"1 minut"},"schema":{"@context":"https:\/\/schema.org","@graph":[{"@type":"WebPage","@id":"http:\/\/webecpol.esade.edu\/ca\/publicacions\/inseguretat-laboral-covid\/","url":"http:\/\/webecpol.esade.edu\/ca\/publicacions\/inseguretat-laboral-covid\/","name":"P\u00e8rdua d'ocupaci\u00f3 i inseguretat laboral durant la covid-19: possibles efectes en l'educaci\u00f3 dels fills - Center for Economic Policy - EsadeEcPol","isPartOf":{"@id":"http:\/\/webecpol.esade.edu\/es\/#website"},"primaryImageOfPage":{"@id":"http:\/\/webecpol.esade.edu\/ca\/publicacions\/inseguretat-laboral-covid\/#primaryimage"},"image":{"@id":"http:\/\/webecpol.esade.edu\/ca\/publicacions\/inseguretat-laboral-covid\/#primaryimage"},"thumbnailUrl":"http:\/\/webecpol.esade.edu\/wp-content\/uploads\/2020\/04\/covid-19-educacion-insight-1.jpg","datePublished":"2020-04-14T16:09:16+00:00","dateModified":"2020-11-23T13:52:11+00:00","description":"La desocupaci\u00f3 que estan patint molts pares i mares per la crisi de la covid-19, i fins i tot la por a perdre la feina, tenen conseq\u00fc\u00e8ncies negatives addicionals.","breadcrumb":{"@id":"http:\/\/webecpol.esade.edu\/ca\/publicacions\/inseguretat-laboral-covid\/#breadcrumb"},"inLanguage":"ca","potentialAction":[{"@type":"ReadAction","target":["http:\/\/webecpol.esade.edu\/ca\/publicacions\/inseguretat-laboral-covid\/"]}]},{"@type":"ImageObject","inLanguage":"ca","@id":"http:\/\/webecpol.esade.edu\/ca\/publicacions\/inseguretat-laboral-covid\/#primaryimage","url":"http:\/\/webecpol.esade.edu\/wp-content\/uploads\/2020\/04\/covid-19-educacion-insight-1.jpg","contentUrl":"http:\/\/webecpol.esade.edu\/wp-content\/uploads\/2020\/04\/covid-19-educacion-insight-1.jpg","width":1920,"height":812},{"@type":"BreadcrumbList","@id":"http:\/\/webecpol.esade.edu\/ca\/publicacions\/inseguretat-laboral-covid\/#breadcrumb","itemListElement":[{"@type":"ListItem","position":1,"name":"Portada","item":"http:\/\/webecpol.esade.edu\/ca\/"},{"@type":"ListItem","position":2,"name":"Publicaciones","item":"http:\/\/webecpol.esade.edu\/es\/publicaciones\/"},{"@type":"ListItem","position":3,"name":"P\u00e8rdua d&#8217;ocupaci\u00f3 i inseguretat laboral durant la covid-19: possibles efectes en l&#8217;educaci\u00f3 dels fills"}]},{"@type":"WebSite","@id":"http:\/\/webecpol.esade.edu\/es\/#website","url":"http:\/\/webecpol.esade.edu\/es\/","name":"Center for Economic Policy - EsadeEcPol","description":"","potentialAction":[{"@type":"SearchAction","target":{"@type":"EntryPoint","urlTemplate":"http:\/\/webecpol.esade.edu\/es\/?s={search_term_string}"},"query-input":"required name=search_term_string"}],"inLanguage":"ca"}]}},"_links":{"self":[{"href":"http:\/\/webecpol.esade.edu\/ca\/wp-json\/wp\/v2\/publicaciones\/1001"}],"collection":[{"href":"http:\/\/webecpol.esade.edu\/ca\/wp-json\/wp\/v2\/publicaciones"}],"about":[{"href":"http:\/\/webecpol.esade.edu\/ca\/wp-json\/wp\/v2\/types\/publicaciones"}],"version-history":[{"count":3,"href":"http:\/\/webecpol.esade.edu\/ca\/wp-json\/wp\/v2\/publicaciones\/1001\/revisions"}],"predecessor-version":[{"id":1007,"href":"http:\/\/webecpol.esade.edu\/ca\/wp-json\/wp\/v2\/publicaciones\/1001\/revisions\/1007"}],"wp:featuredmedia":[{"embeddable":true,"href":"http:\/\/webecpol.esade.edu\/ca\/wp-json\/wp\/v2\/media\/1775"}],"wp:attachment":[{"href":"http:\/\/webecpol.esade.edu\/ca\/wp-json\/wp\/v2\/media?parent=1001"}],"curies":[{"name":"wp","href":"https:\/\/api.w.org\/{rel}","templated":true}]}}

Pèrdua d&#8217;ocupació i inseguretat laboral durant la covid-19: possibles efectes en l&#8217;educació dels fills

<h2>EsadeEcPol Insight #7</h2>
<h4 class="t-title3">Resum executiu</h4>
<p>La desocupació que estan patint molts pares i mares per la crisi de la covid-19, i fins i tot la por a perdre la feina, tenen conseqüències negatives addicionals: pèrdues salarials persistents a llarg termini, més risc de divorci i, fins i tot, deteriorament de la salut física i mental. Totes aquestes conseqüències negatives poden repercutir en la qualitat educativa dels infants i adolescents.</p>
<p>Diversos treballs han demostrat una relació de causalitat entre la pèrdua de treball o la inseguretat laboral dels pares (no així de les mares) i el rendiment escolar dels seus fills: una reducció de la nota mitjana, un augment de la probabilitat de repetir curs o abandonar els estudis i una menor probabilitat d&#8217;anar a la universitat. L&#8217;efecte és més gran quan els pares tenen menys nivell educatiu i pateixen llargs períodes d&#8217;atur.</p>

<p>La desocupació que estan patint molts pares i mares per la crisi de la covid-19 té conseqüències negatives addicionals.</p>

<!-- This site is optimized with the Yoast SEO plugin v22.9 - https://yoast.com/wordpress/plugins/seo/ -->
<title>Pèrdua d&#039;ocupació i inseguretat laboral durant la covid-19: possibles efectes en l&#039;educació dels fills - Center for Economic Policy - EsadeEcPol</title>
<meta name="description" content="La desocupació que estan patint molts pares i mares per la crisi de la covid-19, i fins i tot la por a perdre la feina, tenen conseqüències negatives addicionals." />
<meta name="robots" content="index, follow, max-snippet:-1, max-image-preview:large, max-video-preview:-1" />
<link rel="canonical" href="http://webecpol.esade.edu/ca/publicacions/inseguretat-laboral-covid/" />
<meta property="og:locale" content="ca_ES" />
<meta property="og:type" content="article" />
<meta property="og:title" content="Pèrdua d&#039;ocupació i inseguretat laboral durant la covid-19: possibles efectes en l&#039;educació dels fills - Center for Economic Policy - EsadeEcPol" />
<meta property="og:description" content="La desocupació que estan patint molts pares i mares per la crisi de la covid-19, i fins i tot la por a perdre la feina, tenen conseqüències negatives addicionals." />
<meta property="og:url" content="http://webecpol.esade.edu/ca/publicacions/inseguretat-laboral-covid/" />
<meta property="og:site_name" content="Center for Economic Policy - EsadeEcPol" />
<meta property="article:modified_time" content="2020-11-23T13:52:11+00:00" />
<meta property="og:image" content="http://webecpol.esade.edu/wp-content/uploads/2020/04/covid-19-educacion-insight-1.jpg" />
	<meta property="og:image:width" content="1920" />
	<meta property="og:image:height" content="812" />
	<meta property="og:image:type" content="image/jpeg" />
<meta name="twitter:card" content="summary_large_image" />
<meta name="twitter:site" content="@esadeecpol" />
<meta name="twitter:label1" content="Temps estimat de lectura" />
	<meta name="twitter:data1" content="1 minut" />
<script type="application/ld+json" class="yoast-schema-graph">{"@context":"https://schema.org","@graph":[{"@type":"WebPage","@id":"http://webecpol.esade.edu/ca/publicacions/inseguretat-laboral-covid/","url":"http://webecpol.esade.edu/ca/publicacions/inseguretat-laboral-covid/","name":"Pèrdua d'ocupació i inseguretat laboral durant la covid-19: possibles efectes en l'educació dels fills - Center for Economic Policy - EsadeEcPol","isPartOf":{"@id":"http://webecpol.esade.edu/es/#website"},"primaryImageOfPage":{"@id":"http://webecpol.esade.edu/ca/publicacions/inseguretat-laboral-covid/#primaryimage"},"image":{"@id":"http://webecpol.esade.edu/ca/publicacions/inseguretat-laboral-covid/#primaryimage"},"thumbnailUrl":"http://webecpol.esade.edu/wp-content/uploads/2020/04/covid-19-educacion-insight-1.jpg","datePublished":"2020-04-14T16:09:16+00:00","dateModified":"2020-11-23T13:52:11+00:00","description":"La desocupació que estan patint molts pares i mares per la crisi de la covid-19, i fins i tot la por a perdre la feina, tenen conseqüències negatives addicionals.","breadcrumb":{"@id":"http://webecpol.esade.edu/ca/publicacions/inseguretat-laboral-covid/#breadcrumb"},"inLanguage":"ca","potentialAction":[{"@type":"ReadAction","target":["http://webecpol.esade.edu/ca/publicacions/inseguretat-laboral-covid/"]}]},{"@type":"ImageObject","inLanguage":"ca","@id":"http://webecpol.esade.edu/ca/publicacions/inseguretat-laboral-covid/#primaryimage","url":"http://webecpol.esade.edu/wp-content/uploads/2020/04/covid-19-educacion-insight-1.jpg","contentUrl":"http://webecpol.esade.edu/wp-content/uploads/2020/04/covid-19-educacion-insight-1.jpg","width":1920,"height":812},{"@type":"BreadcrumbList","@id":"http://webecpol.esade.edu/ca/publicacions/inseguretat-laboral-covid/#breadcrumb","itemListElement":[{"@type":"ListItem","position":1,"name":"Portada","item":"http://webecpol.esade.edu/ca/"},{"@type":"ListItem","position":2,"name":"Publicaciones","item":"http://webecpol.esade.edu/es/publicaciones/"},{"@type":"ListItem","position":3,"name":"Pèrdua d&#8217;ocupació i inseguretat laboral durant la covid-19: possibles efectes en l&#8217;educació dels fills"}]},{"@type":"WebSite","@id":"http://webecpol.esade.edu/es/#website","url":"http://webecpol.esade.edu/es/","name":"Center for Economic Policy - EsadeEcPol","description":"","potentialAction":[{"@type":"SearchAction","target":{"@type":"EntryPoint","urlTemplate":"http://webecpol.esade.edu/es/?s={search_term_string}"},"query-input":"required name=search_term_string"}],"inLanguage":"ca"}]}</script>
<!-- / Yoast SEO plugin. -->

Pèrdua d'ocupació i inseguretat laboral durant la covid-19: possibles efectes en l'educació dels fills - Center for Economic Policy - EsadeEcPol

La desocupació que estan patint molts pares i mares per la crisi de la covid-19, i fins i tot la por a perdre la feina, tenen conseqüències negatives addicionals.
